{"id":4148,"date":"2022-03-04T10:44:41","date_gmt":"2022-03-04T09:44:41","guid":{"rendered":"https:\/\/darsa.pl\/www\/?page_id=4148"},"modified":"2022-03-18T09:00:11","modified_gmt":"2022-03-18T08:00:11","slug":"pomoc-ukrainie","status":"publish","type":"page","link":"https:\/\/darsa.pl\/www\/pomoc-ukrainie\/","title":{"rendered":"POMOC DLA UKRAINY"},"content":{"rendered":"\t\t<div data-elementor-type=\"wp-page\" data-elementor-id=\"4148\" class=\"elementor elementor-4148\">\n\t\t\t\t\t\t<section class=\"elementor-section elementor-top-section elementor-element elementor-element-6347be09 elementor-section-boxed elementor-section-height-default elementor-section-height-default\" data-id=\"6347be09\" data-element_type=\"section\" data-e-type=\"section\" data-settings=\"{&quot;background_background&quot;:&quot;classic&quot;}\">\n\t\t\t\t\t\t<div class=\"elementor-container elementor-column-gap-default\">\n\t\t\t\t\t<div class=\"elementor-column elementor-col-100 elementor-top-column elementor-element elementor-element-6146bf08\" data-id=\"6146bf08\" data-element_type=\"column\" data-e-type=\"column\">\n\t\t\t<div class=\"elementor-widget-wrap elementor-element-populated\">\n\t\t\t\t\t\t<div class=\"elementor-element elementor-element-e9fa1a5 elementor-widget elementor-widget-image\" data-id=\"e9fa1a5\" data-element_type=\"widget\" data-e-type=\"widget\" data-widget_type=\"image.default\">\n\t\t\t\t<div class=\"elementor-widget-container\">\n\t\t\t\t\t\t\t\t\t\t\t\t\t\t\t<img fetchpriority=\"high\" decoding=\"async\" width=\"2500\" height=\"1000\" src=\"https:\/\/darsa.pl\/www\/wp-content\/uploads\/2022\/03\/DAR_-_pomoc_ukrainie_v2.png\" class=\"attachment-full size-full wp-image-4156\" alt=\"\" srcset=\"https:\/\/darsa.pl\/www\/wp-content\/uploads\/2022\/03\/DAR_-_pomoc_ukrainie_v2.png 2500w, https:\/\/darsa.pl\/www\/wp-content\/uploads\/2022\/03\/DAR_-_pomoc_ukrainie_v2-300x120.png 300w, https:\/\/darsa.pl\/www\/wp-content\/uploads\/2022\/03\/DAR_-_pomoc_ukrainie_v2-1024x410.png 1024w, https:\/\/darsa.pl\/www\/wp-content\/uploads\/2022\/03\/DAR_-_pomoc_ukrainie_v2-768x307.png 768w, https:\/\/darsa.pl\/www\/wp-content\/uploads\/2022\/03\/DAR_-_pomoc_ukrainie_v2-1536x614.png 1536w, https:\/\/darsa.pl\/www\/wp-content\/uploads\/2022\/03\/DAR_-_pomoc_ukrainie_v2-2048x819.png 2048w\" sizes=\"(max-width: 2500px) 100vw, 2500px\" \/>\t\t\t\t\t\t\t\t\t\t\t\t\t\t\t<\/div>\n\t\t\t\t<\/div>\n\t\t\t\t\t<\/div>\n\t\t<\/div>\n\t\t\t\t\t<\/div>\n\t\t<\/section>\n\t\t\t\t<section class=\"elementor-section elementor-top-section elementor-element elementor-element-f73ef90 elementor-section-boxed elementor-section-height-default elementor-section-height-default\" data-id=\"f73ef90\" data-element_type=\"section\" data-e-type=\"section\">\n\t\t\t\t\t\t<div class=\"elementor-container elementor-column-gap-default\">\n\t\t\t\t\t<div class=\"elementor-column elementor-col-100 elementor-top-column elementor-element elementor-element-30fb2349\" data-id=\"30fb2349\" data-element_type=\"column\" data-e-type=\"column\">\n\t\t\t<div class=\"elementor-widget-wrap elementor-element-populated\">\n\t\t\t\t\t\t<div class=\"elementor-element elementor-element-6055d4d3 elementor-widget elementor-widget-heading\" data-id=\"6055d4d3\" data-element_type=\"widget\" data-e-type=\"widget\" data-widget_type=\"heading.default\">\n\t\t\t\t<div class=\"elementor-widget-container\">\n\t\t\t\t\t<h2 class=\"elementor-heading-title elementor-size-default\">#solidarnizUkrain\u0105<\/h2>\t\t\t\t<\/div>\n\t\t\t\t<\/div>\n\t\t\t\t<div class=\"elementor-element elementor-element-3b7f61c0 elementor-widget elementor-widget-text-editor\" data-id=\"3b7f61c0\" data-element_type=\"widget\" data-e-type=\"widget\" data-widget_type=\"text-editor.default\">\n\t\t\t\t<div class=\"elementor-widget-container\">\n\t\t\t\t\t\t\t\t\t<div align=\"justify\">\n<p>Fundacja DAR Spo\u0142eczny, powo\u0142ana przez Dzia\u0142dowsk\u0105 Agencj\u0119 Rozwoju S.A., uruchomi\u0142a&nbsp; zbi\u00f3rk\u0119 pieni\u0119dzy dla uchod\u017ac\u00f3w wojennych z Ukrainy. \u015acis\u0142a wsp\u00f3\u0142praca z jednostkami samorz\u0105dowymi powiatu dzia\u0142dowskiego, pozwoli na zorganizowanie zdiagnozowanej&nbsp;i celowej pomocy dla uchod\u017ac\u00f3w skierowanych bezpo\u015brednio na teren naszego powiatu.<\/p>\n<p style=\"text-align: center;\">Ka\u017cda przekazana kwota, to okazane wsparcie i wyraz solidarno\u015bci z naszymi wschodnimi s\u0105siadami, kt\u00f3rych kraj zosta\u0142 opanowany przez wojn\u0119.<\/p>\n<p style=\"text-align: center;\"><span style=\"font-size: inherit; text-align: center; color: var( --e-global-color-text ); font-weight: var( --e-global-typography-text-font-weight );\">Osoby chc\u0105ce zaanga\u017cowa\u0107 si\u0119 w pomoc uchod\u017acom, prosimy o przekazywanie wp\u0142at pieni\u0119\u017cnych na specjalnie utworzony do tego celu rachunek bankowy Fundacji DAR Spo\u0142eczny o numerze:<\/span><\/p>\n<h1 style=\"text-align: center;\"><span style=\"font-size: inherit; text-align: center; color: var( --e-global-color-text ); font-weight: var( --e-global-typography-text-font-weight );\"><strong>39 1600 1462 1803 2858 5000 0003<\/strong><\/span><\/h1>\n<div style=\"text-align: center;\"><strong>z dopiskiem:&nbsp; Pomoc dla uchod\u017ac\u00f3w z terenu powiatu dzia\u0142dowskiego.<\/strong><\/div><div style=\"text-align: center;\"><strong><br><\/strong><\/div>\n<div><\/div>\n<p style=\"text-align: center;\">Kto jest organizatorem zbi\u00f3rki?<\/p>\n<p style=\"text-align: center;\">Zbi\u00f3rka zosta\u0142a zorganizowana przez Fundacj\u0119 DAR Spo\u0142eczny z siedzib\u0105 w Gr\u00f3dkach, kt\u00f3r\u0105 we wrze\u015bniu 2021 roku powo\u0142a\u0142a Dzia\u0142dowska Agencja Rozwoju S.A. G\u0142\u00f3wnym celem Fundacji jest prowadzenie dzia\u0142alno\u015bci spo\u0142ecznie u\u017cytecznej poprzez wspieranie rozwoju ekonomii spo\u0142ecznej, wzmocnienie trzeciego sektora oraz os\u00f3b defaworyzowanych<br>i zagro\u017conych wykluczeniem spo\u0142ecznym, krzewienie idei obywatelskiej samoorganizacji, samopomocy i pomocy wzajemnej oraz podejmowanie w tej mierze praktycznej dzia\u0142alno\u015bci w imi\u0119 wsp\u00f3lnego dobra i spo\u0142ecznej solidarno\u015bci.<\/p>\n<p style=\"text-align: center;\">Fundacja DAR Spo\u0142eczny nie mo\u017ce pozosta\u0107 oboj\u0119tna na rozgrywaj\u0105ce si\u0119 za wschodni\u0105 granic\u0105 dramaty i pragnie w\u0142\u0105czy\u0107 si\u0119 w organizowany system pomocowy.<\/p>\n<p style=\"text-align: center;\"><a href=\"http:\/\/www.darsa.pl\/klauzula_informacyjna.pdf\" target=\"_blank\" rel=\"noopener\">Klauzula informacyjna.<\/a>&nbsp; &nbsp;<a href=\"http:\/\/www.darsa.pl\/DAR_spoleczny.pdf\" target=\"_blank\" rel=\"noopener\">Fundacja DAR spo\u0142eczny.<\/a><\/p>\n<\/div>\t\t\t\t\t\t\t\t<\/div>\n\t\t\t\t<\/div>\n\t\t\t\t\t<\/div>\n\t\t<\/div>\n\t\t\t\t\t<\/div>\n\t\t<\/section>\n\t\t\t\t<\/div>\n\t\t","protected":false},"excerpt":{"rendered":"<p>#solidarnizUkrain\u0105 Fundacja DAR Spo\u0142eczny, powo\u0142ana przez Dzia\u0142dowsk\u0105 Agencj\u0119 Rozwoju S.A., uruchomi\u0142a&nbsp; zbi\u00f3rk\u0119 pieni\u0119dzy dla uchod\u017ac\u00f3w wojennych z Ukrainy. \u015acis\u0142a wsp\u00f3\u0142praca z jednostkami samorz\u0105dowymi powiatu dzia\u0142dowskiego, pozwoli na zorganizowanie zdiagnozowanej&nbsp;i celowej pomocy dla uchod\u017ac\u00f3w skierowanych bezpo\u015brednio na teren naszego powiatu. Ka\u017cda przekazana kwota, to okazane wsparcie i wyraz solidarno\u015bci z naszymi [&hellip;]<\/p>\n","protected":false},"author":1,"featured_media":4169,"parent":0,"menu_order":0,"comment_status":"closed","ping_status":"closed","template":"elementor_header_footer","meta":{"footnotes":""},"class_list":["post-4148","page","type-page","status-publish","has-post-thumbnail","hentry"],"yoast_head":"<!-- This site is optimized with the Yoast SEO plugin v27.3 - https:\/\/yoast.com\/product\/yoast-seo-wordpress\/ -->\n<title>Dzia\u0142dowska Agencja Rozwoju S.A.<\/title>\n<meta name=\"description\" content=\"Wspieranie ma\u0142ych i \u015brednich przedsi\u0119biorstw, edukacja i szkolenia.\" \/>\n<meta name=\"robots\" content=\"index, follow, max-snippet:-1, max-image-preview:large, max-video-preview:-1\" \/>\n<link rel=\"canonical\" href=\"https:\/\/darsa.pl\/www\/pomoc-ukrainie\/\" \/>\n<meta property=\"og:locale\" content=\"pl_PL\" \/>\n<meta property=\"og:type\" content=\"article\" \/>\n<meta property=\"og:description\" content=\"Wspieranie ma\u0142ych i \u015brednich przedsi\u0119biorstw, edukacja i szkolenia.\" \/>\n<meta property=\"og:url\" content=\"https:\/\/darsa.pl\/www\/pomoc-ukrainie\/\" \/>\n<meta property=\"og:site_name\" content=\"Dzia\u0142dowska Agencja Rozwoju S.A.\" \/>\n<meta property=\"article:modified_time\" content=\"2022-03-18T08:00:11+00:00\" \/>\n<meta property=\"og:image\" content=\"https:\/\/darsa.pl\/www\/wp-content\/uploads\/2022\/03\/DAR_-_ogimg2.png\" \/>\n\t<meta property=\"og:image:width\" content=\"1500\" \/>\n\t<meta property=\"og:image:height\" content=\"1000\" \/>\n\t<meta property=\"og:image:type\" content=\"image\/png\" \/>\n<meta name=\"twitter:card\" content=\"summary_large_image\" \/>\n<meta name=\"twitter:label1\" content=\"Szacowany czas czytania\" \/>\n\t<meta name=\"twitter:data1\" content=\"2 minuty\" \/>\n<script type=\"application\/ld+json\" class=\"yoast-schema-graph\">{\"@context\":\"https:\\\/\\\/schema.org\",\"@graph\":[{\"@type\":\"WebPage\",\"@id\":\"https:\\\/\\\/darsa.pl\\\/www\\\/pomoc-ukrainie\\\/\",\"url\":\"https:\\\/\\\/darsa.pl\\\/www\\\/pomoc-ukrainie\\\/\",\"name\":\"\",\"isPartOf\":{\"@id\":\"https:\\\/\\\/darsa.pl\\\/www\\\/#website\"},\"primaryImageOfPage\":{\"@id\":\"https:\\\/\\\/darsa.pl\\\/www\\\/pomoc-ukrainie\\\/#primaryimage\"},\"image\":{\"@id\":\"https:\\\/\\\/darsa.pl\\\/www\\\/pomoc-ukrainie\\\/#primaryimage\"},\"thumbnailUrl\":\"https:\\\/\\\/darsa.pl\\\/www\\\/wp-content\\\/uploads\\\/2022\\\/03\\\/DAR_-_ogimg2.png\",\"datePublished\":\"2022-03-04T09:44:41+00:00\",\"dateModified\":\"2022-03-18T08:00:11+00:00\",\"description\":\"Wspieranie ma\u0142ych i \u015brednich przedsi\u0119biorstw, edukacja i szkolenia.\",\"breadcrumb\":{\"@id\":\"https:\\\/\\\/darsa.pl\\\/www\\\/pomoc-ukrainie\\\/#breadcrumb\"},\"inLanguage\":\"pl-PL\",\"potentialAction\":[{\"@type\":\"ReadAction\",\"target\":[\"https:\\\/\\\/darsa.pl\\\/www\\\/pomoc-ukrainie\\\/\"]}]},{\"@type\":\"ImageObject\",\"inLanguage\":\"pl-PL\",\"@id\":\"https:\\\/\\\/darsa.pl\\\/www\\\/pomoc-ukrainie\\\/#primaryimage\",\"url\":\"https:\\\/\\\/darsa.pl\\\/www\\\/wp-content\\\/uploads\\\/2022\\\/03\\\/DAR_-_ogimg2.png\",\"contentUrl\":\"https:\\\/\\\/darsa.pl\\\/www\\\/wp-content\\\/uploads\\\/2022\\\/03\\\/DAR_-_ogimg2.png\",\"width\":1500,\"height\":1000},{\"@type\":\"BreadcrumbList\",\"@id\":\"https:\\\/\\\/darsa.pl\\\/www\\\/pomoc-ukrainie\\\/#breadcrumb\",\"itemListElement\":[{\"@type\":\"ListItem\",\"position\":1,\"name\":\"Strona g\u0142\u00f3wna\",\"item\":\"https:\\\/\\\/darsa.pl\\\/www\\\/\"},{\"@type\":\"ListItem\",\"position\":2,\"name\":\"POMOC DLA UKRAINY\"}]},{\"@type\":\"WebSite\",\"@id\":\"https:\\\/\\\/darsa.pl\\\/www\\\/#website\",\"url\":\"https:\\\/\\\/darsa.pl\\\/www\\\/\",\"name\":\"Dzia\u0142dowska Agencja Rozwoju S.A.\",\"description\":\"Wspieranie ma\u0142ych i \u015brednich przedsi\u0119biorstw, edukacja i szkolenia.\",\"publisher\":{\"@id\":\"https:\\\/\\\/darsa.pl\\\/www\\\/#organization\"},\"potentialAction\":[{\"@type\":\"SearchAction\",\"target\":{\"@type\":\"EntryPoint\",\"urlTemplate\":\"https:\\\/\\\/darsa.pl\\\/www\\\/?s={search_term_string}\"},\"query-input\":{\"@type\":\"PropertyValueSpecification\",\"valueRequired\":true,\"valueName\":\"search_term_string\"}}],\"inLanguage\":\"pl-PL\"},{\"@type\":\"Organization\",\"@id\":\"https:\\\/\\\/darsa.pl\\\/www\\\/#organization\",\"name\":\"Dzia\u0142dowska Agencja Rozwoju S.A.\",\"url\":\"https:\\\/\\\/darsa.pl\\\/www\\\/\",\"logo\":{\"@type\":\"ImageObject\",\"inLanguage\":\"pl-PL\",\"@id\":\"https:\\\/\\\/darsa.pl\\\/www\\\/#\\\/schema\\\/logo\\\/image\\\/\",\"url\":\"https:\\\/\\\/darsa.pl\\\/www\\\/wp-content\\\/uploads\\\/2020\\\/06\\\/logo_h200px.png\",\"contentUrl\":\"https:\\\/\\\/darsa.pl\\\/www\\\/wp-content\\\/uploads\\\/2020\\\/06\\\/logo_h200px.png\",\"width\":856,\"height\":200,\"caption\":\"Dzia\u0142dowska Agencja Rozwoju S.A.\"},\"image\":{\"@id\":\"https:\\\/\\\/darsa.pl\\\/www\\\/#\\\/schema\\\/logo\\\/image\\\/\"}}]}<\/script>\n<!-- \/ Yoast SEO plugin. -->","yoast_head_json":{"title":"Dzia\u0142dowska Agencja Rozwoju S.A.","description":"Wspieranie ma\u0142ych i \u015brednich przedsi\u0119biorstw, edukacja i szkolenia.","robots":{"index":"index","follow":"follow","max-snippet":"max-snippet:-1","max-image-preview":"max-image-preview:large","max-video-preview":"max-video-preview:-1"},"canonical":"https:\/\/darsa.pl\/www\/pomoc-ukrainie\/","og_locale":"pl_PL","og_type":"article","og_description":"Wspieranie ma\u0142ych i \u015brednich przedsi\u0119biorstw, edukacja i szkolenia.","og_url":"https:\/\/darsa.pl\/www\/pomoc-ukrainie\/","og_site_name":"Dzia\u0142dowska Agencja Rozwoju S.A.","article_modified_time":"2022-03-18T08:00:11+00:00","og_image":[{"width":1500,"height":1000,"url":"https:\/\/darsa.pl\/www\/wp-content\/uploads\/2022\/03\/DAR_-_ogimg2.png","type":"image\/png"}],"twitter_card":"summary_large_image","twitter_misc":{"Szacowany czas czytania":"2 minuty"},"schema":{"@context":"https:\/\/schema.org","@graph":[{"@type":"WebPage","@id":"https:\/\/darsa.pl\/www\/pomoc-ukrainie\/","url":"https:\/\/darsa.pl\/www\/pomoc-ukrainie\/","name":"","isPartOf":{"@id":"https:\/\/darsa.pl\/www\/#website"},"primaryImageOfPage":{"@id":"https:\/\/darsa.pl\/www\/pomoc-ukrainie\/#primaryimage"},"image":{"@id":"https:\/\/darsa.pl\/www\/pomoc-ukrainie\/#primaryimage"},"thumbnailUrl":"https:\/\/darsa.pl\/www\/wp-content\/uploads\/2022\/03\/DAR_-_ogimg2.png","datePublished":"2022-03-04T09:44:41+00:00","dateModified":"2022-03-18T08:00:11+00:00","description":"Wspieranie ma\u0142ych i \u015brednich przedsi\u0119biorstw, edukacja i szkolenia.","breadcrumb":{"@id":"https:\/\/darsa.pl\/www\/pomoc-ukrainie\/#breadcrumb"},"inLanguage":"pl-PL","potentialAction":[{"@type":"ReadAction","target":["https:\/\/darsa.pl\/www\/pomoc-ukrainie\/"]}]},{"@type":"ImageObject","inLanguage":"pl-PL","@id":"https:\/\/darsa.pl\/www\/pomoc-ukrainie\/#primaryimage","url":"https:\/\/darsa.pl\/www\/wp-content\/uploads\/2022\/03\/DAR_-_ogimg2.png","contentUrl":"https:\/\/darsa.pl\/www\/wp-content\/uploads\/2022\/03\/DAR_-_ogimg2.png","width":1500,"height":1000},{"@type":"BreadcrumbList","@id":"https:\/\/darsa.pl\/www\/pomoc-ukrainie\/#breadcrumb","itemListElement":[{"@type":"ListItem","position":1,"name":"Strona g\u0142\u00f3wna","item":"https:\/\/darsa.pl\/www\/"},{"@type":"ListItem","position":2,"name":"POMOC DLA UKRAINY"}]},{"@type":"WebSite","@id":"https:\/\/darsa.pl\/www\/#website","url":"https:\/\/darsa.pl\/www\/","name":"Dzia\u0142dowska Agencja Rozwoju S.A.","description":"Wspieranie ma\u0142ych i \u015brednich przedsi\u0119biorstw, edukacja i szkolenia.","publisher":{"@id":"https:\/\/darsa.pl\/www\/#organization"},"potentialAction":[{"@type":"SearchAction","target":{"@type":"EntryPoint","urlTemplate":"https:\/\/darsa.pl\/www\/?s={search_term_string}"},"query-input":{"@type":"PropertyValueSpecification","valueRequired":true,"valueName":"search_term_string"}}],"inLanguage":"pl-PL"},{"@type":"Organization","@id":"https:\/\/darsa.pl\/www\/#organization","name":"Dzia\u0142dowska Agencja Rozwoju S.A.","url":"https:\/\/darsa.pl\/www\/","logo":{"@type":"ImageObject","inLanguage":"pl-PL","@id":"https:\/\/darsa.pl\/www\/#\/schema\/logo\/image\/","url":"https:\/\/darsa.pl\/www\/wp-content\/uploads\/2020\/06\/logo_h200px.png","contentUrl":"https:\/\/darsa.pl\/www\/wp-content\/uploads\/2020\/06\/logo_h200px.png","width":856,"height":200,"caption":"Dzia\u0142dowska Agencja Rozwoju S.A."},"image":{"@id":"https:\/\/darsa.pl\/www\/#\/schema\/logo\/image\/"}}]}},"_links":{"self":[{"href":"https:\/\/darsa.pl\/www\/wp-json\/wp\/v2\/pages\/4148","targetHints":{"allow":["GET"]}}],"collection":[{"href":"https:\/\/darsa.pl\/www\/wp-json\/wp\/v2\/pages"}],"about":[{"href":"https:\/\/darsa.pl\/www\/wp-json\/wp\/v2\/types\/page"}],"author":[{"embeddable":true,"href":"https:\/\/darsa.pl\/www\/wp-json\/wp\/v2\/users\/1"}],"replies":[{"embeddable":true,"href":"https:\/\/darsa.pl\/www\/wp-json\/wp\/v2\/comments?post=4148"}],"version-history":[{"count":39,"href":"https:\/\/darsa.pl\/www\/wp-json\/wp\/v2\/pages\/4148\/revisions"}],"predecessor-version":[{"id":4216,"href":"https:\/\/darsa.pl\/www\/wp-json\/wp\/v2\/pages\/4148\/revisions\/4216"}],"wp:featuredmedia":[{"embeddable":true,"href":"https:\/\/darsa.pl\/www\/wp-json\/wp\/v2\/media\/4169"}],"wp:attachment":[{"href":"https:\/\/darsa.pl\/www\/wp-json\/wp\/v2\/media?parent=4148"}],"curies":[{"name":"wp","href":"https:\/\/api.w.org\/{rel}","templated":true}]}}