{"id":167,"date":"2020-06-28T23:29:35","date_gmt":"2020-06-28T21:29:35","guid":{"rendered":"https:\/\/darsa.pl\/www\/?page_id=167"},"modified":"2025-07-31T08:58:14","modified_gmt":"2025-07-31T06:58:14","slug":"zamowienia","status":"publish","type":"page","link":"https:\/\/darsa.pl\/www\/zamowienia\/","title":{"rendered":"ZAM\u00d3WIENIA"},"content":{"rendered":"\t\t<div data-elementor-type=\"wp-page\" data-elementor-id=\"167\" class=\"elementor elementor-167\">\n\t\t\t\t\t\t<section class=\"elementor-section elementor-top-section elementor-element elementor-element-6cafc774 elementor-section-boxed elementor-section-height-default elementor-section-height-default\" data-id=\"6cafc774\" data-element_type=\"section\" data-e-type=\"section\" data-settings=\"{&quot;background_background&quot;:&quot;gradient&quot;}\">\n\t\t\t\t\t\t<div class=\"elementor-container elementor-column-gap-default\">\n\t\t\t\t\t<div class=\"elementor-column elementor-col-100 elementor-top-column elementor-element elementor-element-790afdc\" data-id=\"790afdc\" data-element_type=\"column\" data-e-type=\"column\">\n\t\t\t<div class=\"elementor-widget-wrap elementor-element-populated\">\n\t\t\t\t\t\t<div class=\"elementor-element elementor-element-265b20e6 elementor-widget elementor-widget-heading\" data-id=\"265b20e6\" data-element_type=\"widget\" data-e-type=\"widget\" data-widget_type=\"heading.default\">\n\t\t\t\t<div class=\"elementor-widget-container\">\n\t\t\t\t\t<h2 class=\"elementor-heading-title elementor-size-default\">Zam\u00f3wienia<\/h2>\t\t\t\t<\/div>\n\t\t\t\t<\/div>\n\t\t\t\t\t<\/div>\n\t\t<\/div>\n\t\t\t\t\t<\/div>\n\t\t<\/section>\n\t\t\t\t<section class=\"elementor-section elementor-top-section elementor-element elementor-element-41c7151a elementor-section-boxed elementor-section-height-default elementor-section-height-default\" data-id=\"41c7151a\" data-element_type=\"section\" data-e-type=\"section\">\n\t\t\t\t\t\t<div class=\"elementor-container elementor-column-gap-default\">\n\t\t\t\t\t<div class=\"elementor-column elementor-col-100 elementor-top-column elementor-element elementor-element-5694986\" data-id=\"5694986\" data-element_type=\"column\" data-e-type=\"column\">\n\t\t\t<div class=\"elementor-widget-wrap elementor-element-populated\">\n\t\t\t\t\t\t<div class=\"elementor-element elementor-element-2ac0202e elementor-widget elementor-widget-text-editor\" data-id=\"2ac0202e\" data-element_type=\"widget\" data-e-type=\"widget\" data-widget_type=\"text-editor.default\">\n\t\t\t\t<div class=\"elementor-widget-container\">\n\t\t\t\t\t\t\t\t\t<table border=\"1\" frame=\"void\" rules=\"rows\" cellpadding=\"5\" align=\"center\"><tbody><tr><td style=\"text-align: center;\"><strong>Numer<\/strong><\/td><td>\u00a0<strong>Nazwa<\/strong><\/td><td style=\"text-align: center;\"><strong>\u00a0Status<\/strong><\/td><\/tr><tr><td><p style=\"text-align: center;\">Zapytanie<br \/>nr 04\/2025<\/p><\/td><td><p><a href=\"https:\/\/darsa.pl\/www\/wp-content\/uploads\/2025\/07\/zapytanie_ofertowe.pdf\" rel=\"alternate noopener\" target=\"_blank\">Przeprowadzenie bada\u0144 sprawozda\u0144 finansowych Dzia\u0142dowskiej Agencji Rozwoju S.A. w Dzia\u0142dowie za lata 2025 i 2026 oraz sporz\u0105dzenie sprawozda\u0144 z tych bada\u0144<\/a><\/p><p><a href=\"https:\/\/darsa.pl\/www\/wp-content\/uploads\/2025\/07\/zapytanie_ofertowe.docx\" rel=\"alternate noopener\">Przeprowadzenie bada\u0144 sprawozda\u0144 finansowych Dzia\u0142dowskiej Agencji Rozwoju S.A. w Dzia\u0142dowie za lata 2025 i 2026 oraz sporz\u0105dzenie sprawozda\u0144 z tych bada\u0144<\/a>\u00a0(wersja edytowalna)<\/p><\/td><td style=\"text-align: center;\">Aktywny<\/td><\/tr><tr><td><p style=\"text-align: center;\">Zapytanie<br \/>nr 09\/2021<\/p><\/td><td>Przeprowadzenie bada\u0144 sprawozda\u0144 finansowych Dzia\u0142dowskiej Agencji Rozwoju S.A. w Dzia\u0142dowie za lata 2021 i 2022 oraz sporz\u0105dzenie sprawozda\u0144 z tych bada\u0144<\/td><td style=\"text-align: center;\">Zako\u0144czono<\/td><\/tr><tr><td><p style=\"text-align: center;\">Przetarg<br \/>nr 01\/2019<\/p><\/td><td>Dostawa sprz\u0119tu komputerowego dla Dzia\u0142dowskiej Agencji Rozwoju S.A.<\/td><td style=\"text-align: center;\">Zako\u0144czono<\/td><\/tr><tr><td style=\"text-align: center;\">Przetarg<br \/>nr 01\/2017<\/td><td>\u015awiadczenie us\u0142ug szkoleniowych z zakresu ekonomii spo\u0142ecznej w szko\u0142ach gimnazjalnych i ponadgimnazjalnych w ramach projektu &#8222;O\u015brodek Wsparcia Ekonomii Spo\u0142ecznej w Nidzicy&#8221;<\/td><td style=\"text-align: center;\">Zako\u0144czono<\/td><\/tr><tr><td style=\"text-align: center;\">Zam\u00f3wienie nr 02\/2017<\/td><td>Dostawa artyku\u0142\u00f3w spo\u017cywczych do siedziby Zamawiaj\u0105cego zgodnie z bie\u017c\u0105cym zapotrzebowaniem w celu realizacji projektu pn. \u201eO\u015brodek Wsparcia Ekonomii Spo\u0142ecznej w Nidzicy\u201d<\/td><td style=\"text-align: center;\">Zako\u0144czono<\/td><\/tr><tr><td style=\"text-align: center;\">Zam\u00f3wienie nr 13\/2017<\/td><td>Zakup i dostawa materia\u0142\u00f3w biurowych niezb\u0119dnych do realizacji projektu &#8222;O\u015brodek Wsparcia Ekonomii Spo\u0142ecznej w Nidzicy&#8221;<\/td><td style=\"text-align: center;\">Zako\u0144czono<\/td><\/tr><tr><td style=\"text-align: center;\">Przetarg<br \/>nr 02\/2017<\/td><td>\u015awiadczenie us\u0142ug eksperckich przy ocenie wniosk\u00f3w podmiot\u00f3w ekonomii spo\u0142ecznej i przedsi\u0119biorstw spo\u0142ecznych w ramach projektu &#8222;O\u015brodek Wsparcia Ekonomii Spo\u0142ecznej w Nidzicy&#8221;<\/td><td style=\"text-align: center;\">Zako\u0144czono<\/td><\/tr><tr><td style=\"text-align: center;\">Przetarg<br \/>nr 03\/2017<\/td><td>\u015awiadczenie us\u0142ug opiekuna biznesowego dla podmiot\u00f3w ekonomii spo\u0142ecznej i przedsi\u0119biorstw spo\u0142ecznych w ramach projektu \u201eO\u015brodek Wsparcia Ekonomii Spo\u0142ecznej w Nidzicy\u201d<\/td><td style=\"text-align: center;\">Zako\u0144czono<\/td><\/tr><\/tbody><\/table>\t\t\t\t\t\t\t\t<\/div>\n\t\t\t\t<\/div>\n\t\t\t\t\t<\/div>\n\t\t<\/div>\n\t\t\t\t\t<\/div>\n\t\t<\/section>\n\t\t\t\t<\/div>\n\t\t","protected":false},"excerpt":{"rendered":"<p>Zam\u00f3wienia Numer \u00a0Nazwa \u00a0Status Zapytanienr 04\/2025 Przeprowadzenie bada\u0144 sprawozda\u0144 finansowych Dzia\u0142dowskiej Agencji Rozwoju S.A. w Dzia\u0142dowie za lata 2025 i 2026 oraz sporz\u0105dzenie sprawozda\u0144 z tych bada\u0144 Przeprowadzenie bada\u0144 sprawozda\u0144 finansowych Dzia\u0142dowskiej Agencji Rozwoju S.A. w Dzia\u0142dowie za lata 2025 i 2026 oraz sporz\u0105dzenie sprawozda\u0144 z tych bada\u0144\u00a0(wersja edytowalna) Aktywny [&hellip;]<\/p>\n","protected":false},"author":1,"featured_media":0,"parent":0,"menu_order":0,"comment_status":"closed","ping_status":"closed","template":"elementor_header_footer","meta":{"footnotes":""},"class_list":["post-167","page","type-page","status-publish","hentry"],"yoast_head":"<!-- This site is optimized with the Yoast SEO plugin v27.3 - https:\/\/yoast.com\/product\/yoast-seo-wordpress\/ -->\n<title>Dzia\u0142dowska Agencja Rozwoju S.A.<\/title>\n<meta name=\"description\" content=\"Wspieranie ma\u0142ych i \u015brednich przedsi\u0119biorstw, edukacja i szkolenia.\" \/>\n<meta name=\"robots\" content=\"index, follow, max-snippet:-1, max-image-preview:large, max-video-preview:-1\" \/>\n<link rel=\"canonical\" href=\"https:\/\/darsa.pl\/www\/zamowienia\/\" \/>\n<meta property=\"og:locale\" content=\"pl_PL\" \/>\n<meta property=\"og:type\" content=\"article\" \/>\n<meta property=\"og:description\" content=\"Wspieranie ma\u0142ych i \u015brednich przedsi\u0119biorstw, edukacja i szkolenia.\" \/>\n<meta property=\"og:url\" content=\"https:\/\/darsa.pl\/www\/zamowienia\/\" \/>\n<meta property=\"og:site_name\" content=\"Dzia\u0142dowska Agencja Rozwoju S.A.\" \/>\n<meta property=\"article:modified_time\" content=\"2025-07-31T06:58:14+00:00\" \/>\n<meta property=\"og:image\" content=\"https:\/\/darsa.pl\/www\/wp-content\/uploads\/2020\/07\/og_img3.png\" \/>\n\t<meta property=\"og:image:width\" content=\"1200\" \/>\n\t<meta property=\"og:image:height\" content=\"630\" \/>\n\t<meta property=\"og:image:type\" content=\"image\/png\" \/>\n<meta name=\"twitter:card\" content=\"summary_large_image\" \/>\n<meta name=\"twitter:label1\" content=\"Szacowany czas czytania\" \/>\n\t<meta name=\"twitter:data1\" content=\"2 minuty\" \/>\n<script type=\"application\/ld+json\" class=\"yoast-schema-graph\">{\"@context\":\"https:\\\/\\\/schema.org\",\"@graph\":[{\"@type\":\"WebPage\",\"@id\":\"https:\\\/\\\/darsa.pl\\\/www\\\/zamowienia\\\/\",\"url\":\"https:\\\/\\\/darsa.pl\\\/www\\\/zamowienia\\\/\",\"name\":\"\",\"isPartOf\":{\"@id\":\"https:\\\/\\\/darsa.pl\\\/www\\\/#website\"},\"datePublished\":\"2020-06-28T21:29:35+00:00\",\"dateModified\":\"2025-07-31T06:58:14+00:00\",\"description\":\"Wspieranie ma\u0142ych i \u015brednich przedsi\u0119biorstw, edukacja i szkolenia.\",\"breadcrumb\":{\"@id\":\"https:\\\/\\\/darsa.pl\\\/www\\\/zamowienia\\\/#breadcrumb\"},\"inLanguage\":\"pl-PL\",\"potentialAction\":[{\"@type\":\"ReadAction\",\"target\":[\"https:\\\/\\\/darsa.pl\\\/www\\\/zamowienia\\\/\"]}]},{\"@type\":\"BreadcrumbList\",\"@id\":\"https:\\\/\\\/darsa.pl\\\/www\\\/zamowienia\\\/#breadcrumb\",\"itemListElement\":[{\"@type\":\"ListItem\",\"position\":1,\"name\":\"Strona g\u0142\u00f3wna\",\"item\":\"https:\\\/\\\/darsa.pl\\\/www\\\/\"},{\"@type\":\"ListItem\",\"position\":2,\"name\":\"ZAM\u00d3WIENIA\"}]},{\"@type\":\"WebSite\",\"@id\":\"https:\\\/\\\/darsa.pl\\\/www\\\/#website\",\"url\":\"https:\\\/\\\/darsa.pl\\\/www\\\/\",\"name\":\"Dzia\u0142dowska Agencja Rozwoju S.A.\",\"description\":\"Wspieranie ma\u0142ych i \u015brednich przedsi\u0119biorstw, edukacja i szkolenia.\",\"publisher\":{\"@id\":\"https:\\\/\\\/darsa.pl\\\/www\\\/#organization\"},\"potentialAction\":[{\"@type\":\"SearchAction\",\"target\":{\"@type\":\"EntryPoint\",\"urlTemplate\":\"https:\\\/\\\/darsa.pl\\\/www\\\/?s={search_term_string}\"},\"query-input\":{\"@type\":\"PropertyValueSpecification\",\"valueRequired\":true,\"valueName\":\"search_term_string\"}}],\"inLanguage\":\"pl-PL\"},{\"@type\":\"Organization\",\"@id\":\"https:\\\/\\\/darsa.pl\\\/www\\\/#organization\",\"name\":\"Dzia\u0142dowska Agencja Rozwoju S.A.\",\"url\":\"https:\\\/\\\/darsa.pl\\\/www\\\/\",\"logo\":{\"@type\":\"ImageObject\",\"inLanguage\":\"pl-PL\",\"@id\":\"https:\\\/\\\/darsa.pl\\\/www\\\/#\\\/schema\\\/logo\\\/image\\\/\",\"url\":\"https:\\\/\\\/darsa.pl\\\/www\\\/wp-content\\\/uploads\\\/2020\\\/06\\\/logo_h200px.png\",\"contentUrl\":\"https:\\\/\\\/darsa.pl\\\/www\\\/wp-content\\\/uploads\\\/2020\\\/06\\\/logo_h200px.png\",\"width\":856,\"height\":200,\"caption\":\"Dzia\u0142dowska Agencja Rozwoju S.A.\"},\"image\":{\"@id\":\"https:\\\/\\\/darsa.pl\\\/www\\\/#\\\/schema\\\/logo\\\/image\\\/\"}}]}<\/script>\n<!-- \/ Yoast SEO plugin. -->","yoast_head_json":{"title":"Dzia\u0142dowska Agencja Rozwoju S.A.","description":"Wspieranie ma\u0142ych i \u015brednich przedsi\u0119biorstw, edukacja i szkolenia.","robots":{"index":"index","follow":"follow","max-snippet":"max-snippet:-1","max-image-preview":"max-image-preview:large","max-video-preview":"max-video-preview:-1"},"canonical":"https:\/\/darsa.pl\/www\/zamowienia\/","og_locale":"pl_PL","og_type":"article","og_description":"Wspieranie ma\u0142ych i \u015brednich przedsi\u0119biorstw, edukacja i szkolenia.","og_url":"https:\/\/darsa.pl\/www\/zamowienia\/","og_site_name":"Dzia\u0142dowska Agencja Rozwoju S.A.","article_modified_time":"2025-07-31T06:58:14+00:00","og_image":[{"width":1200,"height":630,"url":"https:\/\/darsa.pl\/www\/wp-content\/uploads\/2020\/07\/og_img3.png","type":"image\/png"}],"twitter_card":"summary_large_image","twitter_misc":{"Szacowany czas czytania":"2 minuty"},"schema":{"@context":"https:\/\/schema.org","@graph":[{"@type":"WebPage","@id":"https:\/\/darsa.pl\/www\/zamowienia\/","url":"https:\/\/darsa.pl\/www\/zamowienia\/","name":"","isPartOf":{"@id":"https:\/\/darsa.pl\/www\/#website"},"datePublished":"2020-06-28T21:29:35+00:00","dateModified":"2025-07-31T06:58:14+00:00","description":"Wspieranie ma\u0142ych i \u015brednich przedsi\u0119biorstw, edukacja i szkolenia.","breadcrumb":{"@id":"https:\/\/darsa.pl\/www\/zamowienia\/#breadcrumb"},"inLanguage":"pl-PL","potentialAction":[{"@type":"ReadAction","target":["https:\/\/darsa.pl\/www\/zamowienia\/"]}]},{"@type":"BreadcrumbList","@id":"https:\/\/darsa.pl\/www\/zamowienia\/#breadcrumb","itemListElement":[{"@type":"ListItem","position":1,"name":"Strona g\u0142\u00f3wna","item":"https:\/\/darsa.pl\/www\/"},{"@type":"ListItem","position":2,"name":"ZAM\u00d3WIENIA"}]},{"@type":"WebSite","@id":"https:\/\/darsa.pl\/www\/#website","url":"https:\/\/darsa.pl\/www\/","name":"Dzia\u0142dowska Agencja Rozwoju S.A.","description":"Wspieranie ma\u0142ych i \u015brednich przedsi\u0119biorstw, edukacja i szkolenia.","publisher":{"@id":"https:\/\/darsa.pl\/www\/#organization"},"potentialAction":[{"@type":"SearchAction","target":{"@type":"EntryPoint","urlTemplate":"https:\/\/darsa.pl\/www\/?s={search_term_string}"},"query-input":{"@type":"PropertyValueSpecification","valueRequired":true,"valueName":"search_term_string"}}],"inLanguage":"pl-PL"},{"@type":"Organization","@id":"https:\/\/darsa.pl\/www\/#organization","name":"Dzia\u0142dowska Agencja Rozwoju S.A.","url":"https:\/\/darsa.pl\/www\/","logo":{"@type":"ImageObject","inLanguage":"pl-PL","@id":"https:\/\/darsa.pl\/www\/#\/schema\/logo\/image\/","url":"https:\/\/darsa.pl\/www\/wp-content\/uploads\/2020\/06\/logo_h200px.png","contentUrl":"https:\/\/darsa.pl\/www\/wp-content\/uploads\/2020\/06\/logo_h200px.png","width":856,"height":200,"caption":"Dzia\u0142dowska Agencja Rozwoju S.A."},"image":{"@id":"https:\/\/darsa.pl\/www\/#\/schema\/logo\/image\/"}}]}},"_links":{"self":[{"href":"https:\/\/darsa.pl\/www\/wp-json\/wp\/v2\/pages\/167","targetHints":{"allow":["GET"]}}],"collection":[{"href":"https:\/\/darsa.pl\/www\/wp-json\/wp\/v2\/pages"}],"about":[{"href":"https:\/\/darsa.pl\/www\/wp-json\/wp\/v2\/types\/page"}],"author":[{"embeddable":true,"href":"https:\/\/darsa.pl\/www\/wp-json\/wp\/v2\/users\/1"}],"replies":[{"embeddable":true,"href":"https:\/\/darsa.pl\/www\/wp-json\/wp\/v2\/comments?post=167"}],"version-history":[{"count":25,"href":"https:\/\/darsa.pl\/www\/wp-json\/wp\/v2\/pages\/167\/revisions"}],"predecessor-version":[{"id":7252,"href":"https:\/\/darsa.pl\/www\/wp-json\/wp\/v2\/pages\/167\/revisions\/7252"}],"wp:attachment":[{"href":"https:\/\/darsa.pl\/www\/wp-json\/wp\/v2\/media?parent=167"}],"curies":[{"name":"wp","href":"https:\/\/api.w.org\/{rel}","templated":true}]}}