{"id":161,"date":"2020-06-28T23:28:23","date_gmt":"2020-06-28T21:28:23","guid":{"rendered":"https:\/\/darsa.pl\/www\/?page_id=161"},"modified":"2026-04-13T18:09:16","modified_gmt":"2026-04-13T16:09:16","slug":"stypendia","status":"publish","type":"page","link":"https:\/\/darsa.pl\/www\/stypendia\/","title":{"rendered":"STYPENDIA"},"content":{"rendered":"\t\t<div data-elementor-type=\"wp-page\" data-elementor-id=\"161\" class=\"elementor elementor-161\">\n\t\t\t\t\t\t<section class=\"elementor-section elementor-top-section elementor-element elementor-element-2a27d27 elementor-section-boxed elementor-section-height-default elementor-section-height-default\" data-id=\"2a27d27\" data-element_type=\"section\" data-e-type=\"section\" data-settings=\"{&quot;background_background&quot;:&quot;gradient&quot;}\">\n\t\t\t\t\t\t<div class=\"elementor-container elementor-column-gap-default\">\n\t\t\t\t\t<div class=\"elementor-column elementor-col-100 elementor-top-column elementor-element elementor-element-62a8c3c1\" data-id=\"62a8c3c1\" data-element_type=\"column\" data-e-type=\"column\">\n\t\t\t<div class=\"elementor-widget-wrap elementor-element-populated\">\n\t\t\t\t\t\t<div class=\"elementor-element elementor-element-7c991473 elementor-widget elementor-widget-heading\" data-id=\"7c991473\" data-element_type=\"widget\" data-e-type=\"widget\" data-widget_type=\"heading.default\">\n\t\t\t\t<div class=\"elementor-widget-container\">\n\t\t\t\t\t<h2 class=\"elementor-heading-title elementor-size-default\">Stypendia<\/h2>\t\t\t\t<\/div>\n\t\t\t\t<\/div>\n\t\t\t\t\t<\/div>\n\t\t<\/div>\n\t\t\t\t\t<\/div>\n\t\t<\/section>\n\t\t\t\t<section class=\"elementor-section elementor-top-section elementor-element elementor-element-5f7ba9d3 elementor-section-boxed elementor-section-height-default elementor-section-height-default\" data-id=\"5f7ba9d3\" data-element_type=\"section\" data-e-type=\"section\" data-settings=\"{&quot;background_background&quot;:&quot;classic&quot;}\">\n\t\t\t\t\t\t<div class=\"elementor-container elementor-column-gap-default\">\n\t\t\t\t\t<div class=\"elementor-column elementor-col-50 elementor-top-column elementor-element elementor-element-78f4bdc9\" data-id=\"78f4bdc9\" data-element_type=\"column\" data-e-type=\"column\">\n\t\t\t<div class=\"elementor-widget-wrap elementor-element-populated\">\n\t\t\t\t\t\t<div class=\"elementor-element elementor-element-d245888 elementor-widget elementor-widget-text-editor\" data-id=\"d245888\" data-element_type=\"widget\" data-e-type=\"widget\" data-widget_type=\"text-editor.default\">\n\t\t\t\t<div class=\"elementor-widget-container\">\n\t\t\t\t\t\t\t\t\t<p>Utworzony i prowadzony przez Dzia\u0142dowsk\u0105 Agencj\u0119 Rozwoju S.A.<span>\u00a0<\/span><strong>Dzia\u0142dowski Fundusz Stypendialny<\/strong><span>\u00a0<\/span>dzia\u0142a ju\u017c<span>\u00a0<\/span><strong>od 1997 roku<\/strong>. Przyznawane stypendia pochodz\u0105 ze \u015brodk\u00f3w w\u0142asnych Sp\u00f3\u0142ki. W\u0142adze Dzia\u0142dowskiej Agencji Rozwoju S.A. od pocz\u0105tku istnienia Sp\u00f3\u0142ki by\u0142y przekonane, \u017ce<span>\u00a0<\/span><strong>inwestycja w m\u0142odego cz\u0142owieka<\/strong><span>\u00a0<\/span>mo\u017ce przynie\u015b\u0107 ogromne profity nie tylko dla niego samego, ale tak\u017ce w dalszej perspektywie dla naszego miasta i jego okolic.<\/p><p>Bior\u0105c pod uwag\u0119 potencja\u0142 naszej m\u0142odzie\u017cy i ich potrzeby, staramy si\u0119 wprowadza\u0107 zmiany do Regulaminu funduszu, tak aby mog\u0142a zmie\u015bci\u0107 si\u0119 w jego ramach<span>\u00a0<\/span><strong>jak najwi\u0119ksza liczba zdolnych dzieci i m\u0142odzie\u017cy<\/strong><span>\u00a0<\/span>z terenu miasta i gminy Dzia\u0142dowo. W zwi\u0105zku z powy\u017cszym, zdecydowali\u015bmy si\u0119 wprowadzi\u0107 kolejne zmiany do Regulaminu w postaci chocia\u017cby podwy\u017cszenia progu dochodowego, pozwalaj\u0105cego na aplikowanie o przyznanie stypendium. Wnioski przyjmowane s\u0105<span>\u00a0<\/span><strong>w trybie ci\u0105g\u0142ym<\/strong>.<\/p><p>Zapoznaj si\u0119 z naszym Regulaminem i z\u0142\u00f3\u017c wniosek, a by\u0107 mo\u017ce i<span>\u00a0<\/span><strong>Ty znajdziesz si\u0119 w zaszczytnym gronie naszych stypendyst\u00f3w!<\/strong><\/p>\t\t\t\t\t\t\t\t<\/div>\n\t\t\t\t<\/div>\n\t\t\t\t\t<\/div>\n\t\t<\/div>\n\t\t\t\t<div class=\"elementor-column elementor-col-50 elementor-top-column elementor-element elementor-element-4d251e7c\" data-id=\"4d251e7c\" data-element_type=\"column\" data-e-type=\"column\">\n\t\t\t<div class=\"elementor-widget-wrap elementor-element-populated\">\n\t\t\t\t\t\t<div class=\"elementor-element elementor-element-513aa491 elementor-widget elementor-widget-image\" data-id=\"513aa491\" data-element_type=\"widget\" data-e-type=\"widget\" data-widget_type=\"image.default\">\n\t\t\t\t<div class=\"elementor-widget-container\">\n\t\t\t\t\t\t\t\t\t\t\t\t\t\t\t<img fetchpriority=\"high\" decoding=\"async\" width=\"848\" height=\"546\" src=\"https:\/\/darsa.pl\/www\/wp-content\/uploads\/2020\/07\/STYPENDIA.png\" class=\"attachment-full size-full wp-image-1084\" alt=\"\" srcset=\"https:\/\/darsa.pl\/www\/wp-content\/uploads\/2020\/07\/STYPENDIA.png 848w, https:\/\/darsa.pl\/www\/wp-content\/uploads\/2020\/07\/STYPENDIA-300x193.png 300w, https:\/\/darsa.pl\/www\/wp-content\/uploads\/2020\/07\/STYPENDIA-768x494.png 768w\" sizes=\"(max-width: 848px) 100vw, 848px\" \/>\t\t\t\t\t\t\t\t\t\t\t\t\t\t\t<\/div>\n\t\t\t\t<\/div>\n\t\t\t\t\t<\/div>\n\t\t<\/div>\n\t\t\t\t\t<\/div>\n\t\t<\/section>\n\t\t\t\t<section class=\"elementor-section elementor-top-section elementor-element elementor-element-e35e809 elementor-section-boxed elementor-section-height-default elementor-section-height-default\" data-id=\"e35e809\" data-element_type=\"section\" data-e-type=\"section\">\n\t\t\t\t\t\t<div class=\"elementor-container elementor-column-gap-default\">\n\t\t\t\t\t<div class=\"elementor-column elementor-col-100 elementor-top-column elementor-element elementor-element-446daf0c\" data-id=\"446daf0c\" data-element_type=\"column\" data-e-type=\"column\">\n\t\t\t<div class=\"elementor-widget-wrap elementor-element-populated\">\n\t\t\t\t\t\t<div class=\"elementor-element elementor-element-7166bfb6 elementor-widget elementor-widget-heading\" data-id=\"7166bfb6\" data-element_type=\"widget\" data-e-type=\"widget\" data-widget_type=\"heading.default\">\n\t\t\t\t<div class=\"elementor-widget-container\">\n\t\t\t\t\t<h3 class=\"elementor-heading-title elementor-size-default\"><br>Za\u0142\u0105czniki<\/h3>\t\t\t\t<\/div>\n\t\t\t\t<\/div>\n\t\t\t\t\t<\/div>\n\t\t<\/div>\n\t\t\t\t\t<\/div>\n\t\t<\/section>\n\t\t\t\t<section class=\"elementor-section elementor-top-section elementor-element elementor-element-32db37e elementor-section-boxed elementor-section-height-default elementor-section-height-default\" data-id=\"32db37e\" data-element_type=\"section\" data-e-type=\"section\">\n\t\t\t\t\t\t<div class=\"elementor-container elementor-column-gap-default\">\n\t\t\t\t\t<div class=\"elementor-column elementor-col-100 elementor-top-column elementor-element elementor-element-e3cc39e\" data-id=\"e3cc39e\" data-element_type=\"column\" data-e-type=\"column\">\n\t\t\t<div class=\"elementor-widget-wrap elementor-element-populated\">\n\t\t\t\t\t\t<div class=\"elementor-element elementor-element-34f5255e elementor-widget elementor-widget-text-editor\" data-id=\"34f5255e\" data-element_type=\"widget\" data-e-type=\"widget\" data-widget_type=\"text-editor.default\">\n\t\t\t\t<div class=\"elementor-widget-container\">\n\t\t\t\t\t\t\t\t\t<ul><li><a href=\"https:\/\/darsa.pl\/www\/wp-content\/uploads\/2020\/07\/regulamin.pdf\"><\/a><a href=\"https:\/\/darsa.pl\/www\/wp-content\/uploads\/2026\/04\/regulamin.pdf\" target=\"_blank\" rel=\"noopener\">Regulamin Dzia\u0142dowskiego Funduszu Stypendialnego<\/a><a href=\"https:\/\/darsa.pl\/www\/wp-content\/uploads\/2020\/07\/regulamin.pdf\"><\/a><\/li><li><a href=\"https:\/\/darsa.pl\/www\/wp-content\/uploads\/2026\/04\/wniosek_ind.pdf\" target=\"_blank\" rel=\"noopener\">Wniosek indywidualny (pdf)<\/a><\/li><li><a href=\"https:\/\/darsa.pl\/www\/wp-content\/uploads\/2026\/04\/wniosek_ind.docx\" rel=\"noopener\">Wniosek indywidualny (docx)<\/a><\/li><li><a href=\"https:\/\/darsa.pl\/www\/wp-content\/uploads\/2026\/04\/zal_ind.pdf\" target=\"_blank\" rel=\"noopener\">Za\u0142\u0105czniki do wniosku indywidualnego (pdf)<\/a><\/li><li><a href=\"https:\/\/darsa.pl\/www\/wp-content\/uploads\/2026\/04\/zal_ind.docx\" rel=\"noopener\">Za\u0142\u0105czniki do wniosku indywidualnego (docx)<\/a><\/li><li><a href=\"https:\/\/darsa.pl\/www\/wp-content\/uploads\/2026\/04\/wniosek_grupa.pdf\" target=\"_blank\" rel=\"noopener\">Wniosek dla grupy (pdf)<\/a><\/li><li><a href=\"https:\/\/darsa.pl\/www\/wp-content\/uploads\/2026\/04\/wniosek_grupa.docx\" rel=\"noopener\">Wniosek dla grupy (docx)<\/a><\/li><li><a href=\"https:\/\/darsa.pl\/www\/wp-content\/uploads\/2026\/04\/zal_grupa.pdf\" target=\"_blank\" rel=\"noopener\">Za\u0142\u0105czniki do wniosku grupowego (pdf)<\/a><\/li><li><a href=\"https:\/\/darsa.pl\/www\/wp-content\/uploads\/2026\/04\/zal_grupa.docx\" rel=\"noopener\">Za\u0142\u0105czniki do wniosku grupowego (docx)<\/a><\/li><\/ul>\t\t\t\t\t\t\t\t<\/div>\n\t\t\t\t<\/div>\n\t\t\t\t\t<\/div>\n\t\t<\/div>\n\t\t\t\t\t<\/div>\n\t\t<\/section>\n\t\t\t\t<\/div>\n\t\t","protected":false},"excerpt":{"rendered":"<p>Stypendia Utworzony i prowadzony przez Dzia\u0142dowsk\u0105 Agencj\u0119 Rozwoju S.A.\u00a0Dzia\u0142dowski Fundusz Stypendialny\u00a0dzia\u0142a ju\u017c\u00a0od 1997 roku. Przyznawane stypendia pochodz\u0105 ze \u015brodk\u00f3w w\u0142asnych Sp\u00f3\u0142ki. W\u0142adze Dzia\u0142dowskiej Agencji Rozwoju S.A. od pocz\u0105tku istnienia Sp\u00f3\u0142ki by\u0142y przekonane, \u017ce\u00a0inwestycja w m\u0142odego cz\u0142owieka\u00a0mo\u017ce przynie\u015b\u0107 ogromne profity nie tylko dla niego samego, ale tak\u017ce w dalszej perspektywie dla [&hellip;]<\/p>\n","protected":false},"author":1,"featured_media":0,"parent":0,"menu_order":0,"comment_status":"closed","ping_status":"closed","template":"elementor_header_footer","meta":{"footnotes":""},"class_list":["post-161","page","type-page","status-publish","hentry"],"yoast_head":"<!-- This site is optimized with the Yoast SEO plugin v27.3 - https:\/\/yoast.com\/product\/yoast-seo-wordpress\/ -->\n<title>Dzia\u0142dowska Agencja Rozwoju S.A.<\/title>\n<meta name=\"description\" content=\"Wspieranie ma\u0142ych i \u015brednich przedsi\u0119biorstw, edukacja i szkolenia.\" \/>\n<meta name=\"robots\" content=\"index, follow, max-snippet:-1, max-image-preview:large, max-video-preview:-1\" \/>\n<link rel=\"canonical\" href=\"https:\/\/darsa.pl\/www\/stypendia\/\" \/>\n<meta property=\"og:locale\" content=\"pl_PL\" \/>\n<meta property=\"og:type\" content=\"article\" \/>\n<meta property=\"og:description\" content=\"Wspieranie ma\u0142ych i \u015brednich przedsi\u0119biorstw, edukacja i szkolenia.\" \/>\n<meta property=\"og:url\" content=\"https:\/\/darsa.pl\/www\/stypendia\/\" \/>\n<meta property=\"og:site_name\" content=\"Dzia\u0142dowska Agencja Rozwoju S.A.\" \/>\n<meta property=\"article:modified_time\" content=\"2026-04-13T16:09:16+00:00\" \/>\n<meta property=\"og:image\" content=\"https:\/\/darsa.pl\/www\/wp-content\/uploads\/2020\/07\/STYPENDIA.png\" \/>\n\t<meta property=\"og:image:width\" content=\"848\" \/>\n\t<meta property=\"og:image:height\" content=\"546\" \/>\n\t<meta property=\"og:image:type\" content=\"image\/png\" \/>\n<meta name=\"twitter:card\" content=\"summary_large_image\" \/>\n<meta name=\"twitter:label1\" content=\"Szacowany czas czytania\" \/>\n\t<meta name=\"twitter:data1\" content=\"2 minuty\" \/>\n<script type=\"application\/ld+json\" class=\"yoast-schema-graph\">{\"@context\":\"https:\\\/\\\/schema.org\",\"@graph\":[{\"@type\":\"WebPage\",\"@id\":\"https:\\\/\\\/darsa.pl\\\/www\\\/stypendia\\\/\",\"url\":\"https:\\\/\\\/darsa.pl\\\/www\\\/stypendia\\\/\",\"name\":\"\",\"isPartOf\":{\"@id\":\"https:\\\/\\\/darsa.pl\\\/www\\\/#website\"},\"primaryImageOfPage\":{\"@id\":\"https:\\\/\\\/darsa.pl\\\/www\\\/stypendia\\\/#primaryimage\"},\"image\":{\"@id\":\"https:\\\/\\\/darsa.pl\\\/www\\\/stypendia\\\/#primaryimage\"},\"thumbnailUrl\":\"https:\\\/\\\/darsa.pl\\\/www\\\/wp-content\\\/uploads\\\/2020\\\/07\\\/STYPENDIA.png\",\"datePublished\":\"2020-06-28T21:28:23+00:00\",\"dateModified\":\"2026-04-13T16:09:16+00:00\",\"description\":\"Wspieranie ma\u0142ych i \u015brednich przedsi\u0119biorstw, edukacja i szkolenia.\",\"breadcrumb\":{\"@id\":\"https:\\\/\\\/darsa.pl\\\/www\\\/stypendia\\\/#breadcrumb\"},\"inLanguage\":\"pl-PL\",\"potentialAction\":[{\"@type\":\"ReadAction\",\"target\":[\"https:\\\/\\\/darsa.pl\\\/www\\\/stypendia\\\/\"]}]},{\"@type\":\"ImageObject\",\"inLanguage\":\"pl-PL\",\"@id\":\"https:\\\/\\\/darsa.pl\\\/www\\\/stypendia\\\/#primaryimage\",\"url\":\"https:\\\/\\\/darsa.pl\\\/www\\\/wp-content\\\/uploads\\\/2020\\\/07\\\/STYPENDIA.png\",\"contentUrl\":\"https:\\\/\\\/darsa.pl\\\/www\\\/wp-content\\\/uploads\\\/2020\\\/07\\\/STYPENDIA.png\",\"width\":848,\"height\":546},{\"@type\":\"BreadcrumbList\",\"@id\":\"https:\\\/\\\/darsa.pl\\\/www\\\/stypendia\\\/#breadcrumb\",\"itemListElement\":[{\"@type\":\"ListItem\",\"position\":1,\"name\":\"Strona g\u0142\u00f3wna\",\"item\":\"https:\\\/\\\/darsa.pl\\\/www\\\/\"},{\"@type\":\"ListItem\",\"position\":2,\"name\":\"STYPENDIA\"}]},{\"@type\":\"WebSite\",\"@id\":\"https:\\\/\\\/darsa.pl\\\/www\\\/#website\",\"url\":\"https:\\\/\\\/darsa.pl\\\/www\\\/\",\"name\":\"Dzia\u0142dowska Agencja Rozwoju S.A.\",\"description\":\"Wspieranie ma\u0142ych i \u015brednich przedsi\u0119biorstw, edukacja i szkolenia.\",\"publisher\":{\"@id\":\"https:\\\/\\\/darsa.pl\\\/www\\\/#organization\"},\"potentialAction\":[{\"@type\":\"SearchAction\",\"target\":{\"@type\":\"EntryPoint\",\"urlTemplate\":\"https:\\\/\\\/darsa.pl\\\/www\\\/?s={search_term_string}\"},\"query-input\":{\"@type\":\"PropertyValueSpecification\",\"valueRequired\":true,\"valueName\":\"search_term_string\"}}],\"inLanguage\":\"pl-PL\"},{\"@type\":\"Organization\",\"@id\":\"https:\\\/\\\/darsa.pl\\\/www\\\/#organization\",\"name\":\"Dzia\u0142dowska Agencja Rozwoju S.A.\",\"url\":\"https:\\\/\\\/darsa.pl\\\/www\\\/\",\"logo\":{\"@type\":\"ImageObject\",\"inLanguage\":\"pl-PL\",\"@id\":\"https:\\\/\\\/darsa.pl\\\/www\\\/#\\\/schema\\\/logo\\\/image\\\/\",\"url\":\"https:\\\/\\\/darsa.pl\\\/www\\\/wp-content\\\/uploads\\\/2020\\\/06\\\/logo_h200px.png\",\"contentUrl\":\"https:\\\/\\\/darsa.pl\\\/www\\\/wp-content\\\/uploads\\\/2020\\\/06\\\/logo_h200px.png\",\"width\":856,\"height\":200,\"caption\":\"Dzia\u0142dowska Agencja Rozwoju S.A.\"},\"image\":{\"@id\":\"https:\\\/\\\/darsa.pl\\\/www\\\/#\\\/schema\\\/logo\\\/image\\\/\"}}]}<\/script>\n<!-- \/ Yoast SEO plugin. -->","yoast_head_json":{"title":"Dzia\u0142dowska Agencja Rozwoju S.A.","description":"Wspieranie ma\u0142ych i \u015brednich przedsi\u0119biorstw, edukacja i szkolenia.","robots":{"index":"index","follow":"follow","max-snippet":"max-snippet:-1","max-image-preview":"max-image-preview:large","max-video-preview":"max-video-preview:-1"},"canonical":"https:\/\/darsa.pl\/www\/stypendia\/","og_locale":"pl_PL","og_type":"article","og_description":"Wspieranie ma\u0142ych i \u015brednich przedsi\u0119biorstw, edukacja i szkolenia.","og_url":"https:\/\/darsa.pl\/www\/stypendia\/","og_site_name":"Dzia\u0142dowska Agencja Rozwoju S.A.","article_modified_time":"2026-04-13T16:09:16+00:00","og_image":[{"width":848,"height":546,"url":"https:\/\/darsa.pl\/www\/wp-content\/uploads\/2020\/07\/STYPENDIA.png","type":"image\/png"}],"twitter_card":"summary_large_image","twitter_misc":{"Szacowany czas czytania":"2 minuty"},"schema":{"@context":"https:\/\/schema.org","@graph":[{"@type":"WebPage","@id":"https:\/\/darsa.pl\/www\/stypendia\/","url":"https:\/\/darsa.pl\/www\/stypendia\/","name":"","isPartOf":{"@id":"https:\/\/darsa.pl\/www\/#website"},"primaryImageOfPage":{"@id":"https:\/\/darsa.pl\/www\/stypendia\/#primaryimage"},"image":{"@id":"https:\/\/darsa.pl\/www\/stypendia\/#primaryimage"},"thumbnailUrl":"https:\/\/darsa.pl\/www\/wp-content\/uploads\/2020\/07\/STYPENDIA.png","datePublished":"2020-06-28T21:28:23+00:00","dateModified":"2026-04-13T16:09:16+00:00","description":"Wspieranie ma\u0142ych i \u015brednich przedsi\u0119biorstw, edukacja i szkolenia.","breadcrumb":{"@id":"https:\/\/darsa.pl\/www\/stypendia\/#breadcrumb"},"inLanguage":"pl-PL","potentialAction":[{"@type":"ReadAction","target":["https:\/\/darsa.pl\/www\/stypendia\/"]}]},{"@type":"ImageObject","inLanguage":"pl-PL","@id":"https:\/\/darsa.pl\/www\/stypendia\/#primaryimage","url":"https:\/\/darsa.pl\/www\/wp-content\/uploads\/2020\/07\/STYPENDIA.png","contentUrl":"https:\/\/darsa.pl\/www\/wp-content\/uploads\/2020\/07\/STYPENDIA.png","width":848,"height":546},{"@type":"BreadcrumbList","@id":"https:\/\/darsa.pl\/www\/stypendia\/#breadcrumb","itemListElement":[{"@type":"ListItem","position":1,"name":"Strona g\u0142\u00f3wna","item":"https:\/\/darsa.pl\/www\/"},{"@type":"ListItem","position":2,"name":"STYPENDIA"}]},{"@type":"WebSite","@id":"https:\/\/darsa.pl\/www\/#website","url":"https:\/\/darsa.pl\/www\/","name":"Dzia\u0142dowska Agencja Rozwoju S.A.","description":"Wspieranie ma\u0142ych i \u015brednich przedsi\u0119biorstw, edukacja i szkolenia.","publisher":{"@id":"https:\/\/darsa.pl\/www\/#organization"},"potentialAction":[{"@type":"SearchAction","target":{"@type":"EntryPoint","urlTemplate":"https:\/\/darsa.pl\/www\/?s={search_term_string}"},"query-input":{"@type":"PropertyValueSpecification","valueRequired":true,"valueName":"search_term_string"}}],"inLanguage":"pl-PL"},{"@type":"Organization","@id":"https:\/\/darsa.pl\/www\/#organization","name":"Dzia\u0142dowska Agencja Rozwoju S.A.","url":"https:\/\/darsa.pl\/www\/","logo":{"@type":"ImageObject","inLanguage":"pl-PL","@id":"https:\/\/darsa.pl\/www\/#\/schema\/logo\/image\/","url":"https:\/\/darsa.pl\/www\/wp-content\/uploads\/2020\/06\/logo_h200px.png","contentUrl":"https:\/\/darsa.pl\/www\/wp-content\/uploads\/2020\/06\/logo_h200px.png","width":856,"height":200,"caption":"Dzia\u0142dowska Agencja Rozwoju S.A."},"image":{"@id":"https:\/\/darsa.pl\/www\/#\/schema\/logo\/image\/"}}]}},"_links":{"self":[{"href":"https:\/\/darsa.pl\/www\/wp-json\/wp\/v2\/pages\/161","targetHints":{"allow":["GET"]}}],"collection":[{"href":"https:\/\/darsa.pl\/www\/wp-json\/wp\/v2\/pages"}],"about":[{"href":"https:\/\/darsa.pl\/www\/wp-json\/wp\/v2\/types\/page"}],"author":[{"embeddable":true,"href":"https:\/\/darsa.pl\/www\/wp-json\/wp\/v2\/users\/1"}],"replies":[{"embeddable":true,"href":"https:\/\/darsa.pl\/www\/wp-json\/wp\/v2\/comments?post=161"}],"version-history":[{"count":50,"href":"https:\/\/darsa.pl\/www\/wp-json\/wp\/v2\/pages\/161\/revisions"}],"predecessor-version":[{"id":7936,"href":"https:\/\/darsa.pl\/www\/wp-json\/wp\/v2\/pages\/161\/revisions\/7936"}],"wp:attachment":[{"href":"https:\/\/darsa.pl\/www\/wp-json\/wp\/v2\/media?parent=161"}],"curies":[{"name":"wp","href":"https:\/\/api.w.org\/{rel}","templated":true}]}}