{"id":1497,"date":"2020-08-26T07:27:37","date_gmt":"2020-08-26T05:27:37","guid":{"rendered":"https:\/\/darsa.pl\/www\/?page_id=1497"},"modified":"2020-12-11T15:10:10","modified_gmt":"2020-12-11T14:10:10","slug":"o-projekcie","status":"publish","type":"page","link":"https:\/\/darsa.pl\/www\/ekonomia-spoleczna\/owes-nidzica-2019-2022\/o-projekcie\/","title":{"rendered":"O PROJEKCIE"},"content":{"rendered":"\t\t<div data-elementor-type=\"wp-page\" data-elementor-id=\"1497\" class=\"elementor elementor-1497\">\n\t\t\t\t\t\t<section class=\"elementor-section elementor-top-section elementor-element elementor-element-2823802d elementor-section-boxed elementor-section-height-default elementor-section-height-default\" data-id=\"2823802d\" data-element_type=\"section\" data-e-type=\"section\" data-settings=\"{&quot;background_background&quot;:&quot;gradient&quot;}\">\n\t\t\t\t\t\t<div class=\"elementor-container elementor-column-gap-default\">\n\t\t\t\t\t<div class=\"elementor-column elementor-col-100 elementor-top-column elementor-element elementor-element-ee514ab\" data-id=\"ee514ab\" data-element_type=\"column\" data-e-type=\"column\">\n\t\t\t<div class=\"elementor-widget-wrap elementor-element-populated\">\n\t\t\t\t\t\t<div class=\"elementor-element elementor-element-2145fab4 elementor-widget elementor-widget-heading\" data-id=\"2145fab4\" data-element_type=\"widget\" data-e-type=\"widget\" data-widget_type=\"heading.default\">\n\t\t\t\t<div class=\"elementor-widget-container\">\n\t\t\t\t\t<h2 class=\"elementor-heading-title elementor-size-default\">O\u015brodek Wsparcia Ekonomii Spo\u0142ecznej w Nidzicy<\/h2>\t\t\t\t<\/div>\n\t\t\t\t<\/div>\n\t\t\t\t\t<\/div>\n\t\t<\/div>\n\t\t\t\t\t<\/div>\n\t\t<\/section>\n\t\t\t\t<section class=\"elementor-section elementor-top-section elementor-element elementor-element-1d5d4af1 elementor-section-boxed elementor-section-height-default elementor-section-height-default\" data-id=\"1d5d4af1\" data-element_type=\"section\" data-e-type=\"section\">\n\t\t\t\t\t\t<div class=\"elementor-container elementor-column-gap-default\">\n\t\t\t\t\t<div class=\"elementor-column elementor-col-100 elementor-top-column elementor-element elementor-element-1c2a1ec9\" data-id=\"1c2a1ec9\" data-element_type=\"column\" data-e-type=\"column\">\n\t\t\t<div class=\"elementor-widget-wrap elementor-element-populated\">\n\t\t\t\t\t\t<div class=\"elementor-element elementor-element-56cd3cb1 elementor-widget elementor-widget-text-editor\" data-id=\"56cd3cb1\" data-element_type=\"widget\" data-e-type=\"widget\" data-widget_type=\"text-editor.default\">\n\t\t\t\t<div class=\"elementor-widget-container\">\n\t\t\t\t\t\t\t\t\t<p style=\"text-align: center;\"><strong>O\u015brodek Wsparcia Ekonomii Spo\u0142ecznej w Nidzicy realizowany w partnerstwie przez\nNidzick\u0105 Fundacj\u0119 Rozwoju\u00a0 NIDA oraz Dzia\u0142dowsk\u0105 Agencj\u0119 Rozwoju S.A.\n\u015bwiadczy wsparcie merytoryczne i finansowe w postaci dotacji na zak\u0142adanie przedsi\u0119biorstw spo\u0142ecznych oraz tworzenie miejsc pracy w funkcjonuj\u0105cych przedsi\u0119biorstwach spo\u0142ecznych.<\/strong><\/p>\nO bezzwrotne dotacje na za\u0142o\u017cenie przedsi\u0119biorstwa spo\u0142ecznego (sp\u00f3\u0142dzielni socjalnej, organizacji pozarz\u0105dowej, sp\u00f3\u0142ki non profit \u00a0itp.) mog\u0105 ubiega\u0107 si\u0119 zar\u00f3wno osoby fizyczne kwalifikuj\u0105ce si\u0119 wedle\u00a0 okre\u015blonych przes\u0142anek zawartych w Rozdziale I pkt 5 Regulaminu Funduszu Przedsi\u0119biorczo\u015bci Spo\u0142ecznej \u00a0oraz osoby prawne tj. organizacje pozarz\u0105dowe, jednostki samorz\u0105du terytorialnego itp. Wysoko\u015b\u0107 dotacji na utworzenie jednego nowego miejsca pracy w przedsi\u0119biorstwie spo\u0142ecznym b\u0105d\u017a podmiocie ekonomii spo\u0142ecznej, wy\u0142\u0105cznie pod warunkiem przekszta\u0142cenia w przedsi\u0119biorstwo spo\u0142eczne wynosi 24\u00a0000,00 z\u0142. Jedno przedsi\u0119biorstwo spo\u0142eczne w ramach udzia\u0142u w projekcie mo\u017ce uzyska\u0107 jednorazowo maksymalnie 10 dotacji na utworzenie miejsc pracy, tj. 240\u00a0000,00 z\u0142.\n\nJednocze\u015bnie wraz z uzyskaniem bezzwrotnej dotacji, przedsi\u0119biorstwo spo\u0142eczne ma mo\u017cliwo\u015b\u0107 uzyskania podstawowego wsparcia pomostowego wyp\u0142acanego maksymalnie przez 6 miesi\u0119cy w wysoko\u015bci zale\u017cnej od wysoko\u015bci wymiaru etatu tj. od 1500,00 z\u0142 \/osob\u0119\/miesi\u0105c do 2\u00a0000,00 z\u0142\/osob\u0119\/miesi\u0105c. Przed\u0142u\u017cone wsparcie pomostowe na kolejne 6 miesi\u0119cy przyznawane jest jedynie w uzasadnionych przypadkach w wysoko\u015bci zale\u017cnej od wysoko\u015bci wymiaru etatu tj. od 1000,00 z\u0142\/osob\u0119\/miesi\u0105c do 1\u00a0500,00 z\u0142\/osob\u0119\/miesi\u0105c.\n\nO bezzwrotne wsparcie finansowe na tworzenie nowych miejsc pracy w istniej\u0105cych podmiotach ekonomii spo\u0142ecznej mog\u0105 ubiega\u0107 si\u0119 tak\u017ce funkcjonuj\u0105ce przedsi\u0119biorstwa spo\u0142eczne oraz organizacje pozarz\u0105dowe. W przypadku tych drugich, warunkiem ubiegania si\u0119 o wsparcie finansowe jest ch\u0119\u0107 przekszta\u0142cenia organizacji w przedsi\u0119biorstwo spo\u0142ecznej (jego ekonomizacja) lub ju\u017c prowadzenie przez ngo dzia\u0142alno\u015bci gospodarczej i spe\u0142nianie statusu przedsi\u0119biorstwa spo\u0142ecznego.\n\nWsparcie finansowe \u015bwiadczone jest wraz ze wsparciem merytorycznym w postaci us\u0142ug doradczych i szkoleniowych dotycz\u0105cych zak\u0142adania i prowadzenia przedsi\u0119biorstw spo\u0142ecznych.\n\nBezzwrotne wsparcie finansowe przeznaczone jest na sfinansowanie wydatk\u00f3w niezb\u0119dnych do utworzenia i prowadzenia dzia\u0142alno\u015bci w ramach przedsi\u0119biorstwa spo\u0142ecznego, w szczeg\u00f3lno\u015bci: \u00a0sk\u0142adnik\u00f3w maj\u0105tku trwa\u0142ego wraz z kosztami dostawy (transportu), instalacji i uruchomienia w tym: \u015brodk\u00f3w transportu, zakupu u\u017cywanych \u015brodk\u00f3w trwa\u0142ych; wyposa\u017cenia (np. meble, garnki, lampy, drobny sprz\u0119t AGD i RTV) wraz z kosztami dostawy (transportu), instalacji i uruchomienia; dostosowania lub adaptacji (prace remontowo-wyko\u0144czeniowe budynk\u00f3w i pomieszcze\u0144) pod warunkiem, \u017ce pozostaj\u0105 w bezpo\u015brednim zwi\u0105zku z celami i realizacj\u0105 przedsi\u0119wzi\u0119cia obj\u0119tego dofinansowaniem; aktyw\u00f3w obrotowych \u2013 wydatki przeznaczone na aktywa obrotowe, kt\u00f3re b\u0119d\u0105 podstaw\u0105 procesu produkcyjnego lub b\u0119d\u0105 mia\u0142y podlega\u0107 dalszemu obrotowi (np. sprzeda\u017cy); \u00a0zakupu warto\u015bci niematerialnych i prawnych.\n<p style=\"text-align: center;\"><strong>TERMINY NABOR\u00d3W FORMULARZY REKRUTACYJNYCH<\/strong><\/p>\n\n<table width=\"0\">\n<tbody>\n<tr>\n<td style=\"text-align: center;\"><strong>Nr rekrutacji<\/strong><\/td>\n<td style=\"text-align: center;\"><strong>\nPrzyjmowanie<\/strong>\n<strong>Formularzy<\/strong><\/td>\n<td style=\"text-align: center;\"><strong>Ocena formalna<\/strong><\/td>\n<td style=\"text-align: center;\"><strong>Spotkania rekrutacyjne <\/br>(doradca zawodowy, psycholog,<\/br> opiekun biznesowy)<\/strong><\/td>\n<td style=\"text-align: center;\"><strong>Komisja Rekrutacyjna<\/strong><\/td>\n<\/tr>\n<tr>\n<td colspan=\"5\" width=\"601\">\n<p style=\"text-align: center;\"><strong>2019r.<\/strong><\/p>\n<\/td>\n<\/tr>\n<tr>\n<td style=\"text-align: center;\"><strong>1\/2019<\/strong><\/td>\n<td style=\"text-align: center;\">03-14.06.2019r.<\/td>\n<td style=\"text-align: center;\">17 &#8211; 21.06.2019r.<\/td>\n<td style=\"text-align: center;\">24.06 \u2013 04.07.2019r.<\/td>\n<td style=\"text-align: center;\">do 12.07.2019r.<\/td>\n<\/tr>\n<tr>\n<td style=\"text-align: center;\"><strong>2\/2019<\/strong><\/td>\n<td style=\"text-align: center;\">02- 16.09.2019r.<\/td>\n<td style=\"text-align: center;\">17-23.09.2019r.<\/td>\n<td style=\"text-align: center;\">24.09-04.10.2019r.<\/td>\n<td style=\"text-align: center;\">do 14.10.2019r.<\/td>\n<\/tr>\n<tr>\n<td colspan=\"5\" width=\"601\">\n<p style=\"text-align: center;\"><strong>2020r.<\/strong><\/p>\n<\/td>\n<\/tr>\n<tr>\n<td style=\"text-align: center;\"><strong>3\/2020<\/strong><\/td>\n<td style=\"text-align: center;\">15-29.07.2020r.<\/td>\n<td style=\"text-align: center;\">30.07.-06.08.2020r.<\/td>\n<td style=\"text-align: center;\">17-20.08.2020r.<\/td>\n<td style=\"text-align: center;\">do 27.08.2020r.<\/td>\n<\/tr>\n<tr>\n<td style=\"text-align: center;\"><strong>4\/2020<\/strong><\/td>\n<td style=\"text-align: center;\">X-XI. 2020r.<\/td>\n<td style=\"text-align: center;\">XI. 2020r.<\/td>\n<td style=\"text-align: center;\">XI. 2020r.<\/td>\n<td style=\"text-align: center;\">XI.2020r.<\/td>\n<\/tr>\n<tr>\n<td colspan=\"5\" width=\"601\">\n<p style=\"text-align: center;\"><strong>2021r.<\/strong><\/p>\n<\/td>\n<\/tr>\n<tr>\n<td style=\"text-align: center;\"><strong>5\/2021<\/strong><\/td>\n<td style=\"text-align: center;\">I-II. 2021r.<\/td>\n<td style=\"text-align: center;\">I-II. 2021r.<\/td>\n<td style=\"text-align: center;\">II-III. 2021r.<\/td>\n<td style=\"text-align: center;\">II-III.2021r.<\/td>\n<\/tr>\n<tr>\n<td colspan=\"5\" width=\"601\">\n<p style=\"text-align: center;\"><strong>2022r.<\/strong><\/p>\n<\/td>\n<\/tr>\n<tr>\n<td style=\"text-align: center;\"><strong>6\/2022<\/strong><\/td>\n<td style=\"text-align: center;\">IX.2021r.-I.2022r.<\/td>\n<td style=\"text-align: center;\">IX.2021r.-I.2022r.<\/td>\n<td style=\"text-align: center;\">I-II. 2022r.<\/td>\n<td style=\"text-align: center;\">I-II. 2022r.<\/td>\n<\/tr>\n<\/tbody>\n<\/table>\n&nbsp;\n<p style=\"text-align: center;\"><strong>TERMINY NABOR\u00d3W BIZNESPLAN\u00d3W<\/strong><\/p>\n\n<table>\n<tbody>\n<tr>\n<td style=\"text-align: center;\"><strong>Nr rundy konkursowej<\/strong><\/td>\n<td style=\"text-align: center;\"><strong>Nab\u00f3r dokument\u00f3w <\/strong>\n\n<strong>(14 dni)<\/strong><\/td>\n<td style=\"text-align: center;\"><strong>Ocena formalna<\/strong>\n\n<strong>(14 dni)<\/strong><\/td>\n<td style=\"text-align: center;\"><strong>Komisja Oceny Wniosk\u00f3w<\/strong>\n\n<strong>(7 dni)<\/strong><\/td>\n<td style=\"text-align: center;\"><strong>Lista rankingowa<\/strong>\n<strong>(10 dni)<\/strong><\/td>\n<\/tr>\n<tr>\n<td colspan=\"5\" style=\"text-align: center;\"><strong>2019r.<\/strong><\/td>\n<\/tr>\n<tr>\n<td style=\"text-align: center;\"><strong>1\/2019<\/strong><\/td>\n<td style=\"text-align: center;\">22.07 -05.08.2019r.<\/td>\n<td style=\"text-align: center;\">06-20.08.2019r.<\/td>\n<td style=\"text-align: center;\">21-28.08.2019r.<\/td>\n<td style=\"text-align: center;\">29.08.-09.09.2019r.<\/td>\n<\/tr>\n<tr>\n<td style=\"text-align: center;\"><strong>2\/2019<\/strong><\/td>\n<td style=\"text-align: center;\">16-30.10.2019r.<\/td>\n<td style=\"text-align: center;\">31.10-14.11.2019r.<\/td>\n<td style=\"text-align: center;\">15-22.11.2019r.<\/td>\n<td style=\"text-align: center;\">25.11-3.12.2019r.<\/td>\n<\/tr>\n<tr>\n<td colspan=\"5\" style=\"text-align: center;\"><strong>2020r.<\/strong><\/td>\n<\/tr>\n<tr>\n<td style=\"text-align: center;\"><strong>3\/2020<\/strong><\/td>\n<td style=\"text-align: center;\">01-14.09.2020r.<\/td>\n<td style=\"text-align: center;\">15-28.09.2020r.<\/td>\n<td style=\"text-align: center;\">29.09-05.10.2020r.<\/td>\n<td style=\"text-align: center;\">03-15.10.2020r.<\/td>\n<\/tr>\n<tr>\n<td style=\"text-align: center;\"><strong>4\/2020<\/strong><\/td>\n<td style=\"text-align: center;\">XI.2020r.<\/td>\n<td style=\"text-align: center;\">XI-XII.2020r.<\/td>\n<td style=\"text-align: center;\">XII.2020r.<\/td>\n<td style=\"text-align: center;\">XII.2020r.<\/td>\n<\/tr>\n<tr>\n<td colspan=\"5\" style=\"text-align: center;\"><strong>2021r.<\/strong><\/td>\n<\/tr>\n<tr>\n<td style=\"text-align: center;\"><strong>5\/2021<\/strong><\/td>\n<td style=\"text-align: center;\">III-IV.2021r.<\/td>\n<td style=\"text-align: center;\">III-IV.2021r.<\/td>\n<td style=\"text-align: center;\">IV.2021r.<\/td>\n<td style=\"text-align: center;\">IV.2021r.<\/td>\n<\/tr>\n<tr>\n<td colspan=\"5\" style=\"text-align: center;\"><strong>2022r.<\/strong><\/td>\n<\/tr>\n<tr>\n<td style=\"text-align: center;\"><strong>6\/2022<\/strong><\/td>\n<td style=\"text-align: center;\">II-III.2022r.<\/td>\n<td style=\"text-align: center;\">II-III.2022r.<\/td>\n<td style=\"text-align: center;\">III.2022r.<\/td>\n<td style=\"text-align: center;\">III.2022r.<\/td>\n<\/tr>\n<\/tbody>\n<\/table>\n<p style=\"text-align: center;\"><u>Dane kontaktowe:<\/u><\/p>\n<p style=\"text-align: center;\">ul. W\u0142. Jagie\u0142\u0142y 15 A, 13-200 Dzia\u0142dowo,\ntelefon: 23 697 06 66, fax: 23\u00a0697 06 67,\ne-mail:<span>\u00a0<\/span><span id=\"cloak602d941306c3b4cfbb4a7beae9e745b5\"><a href=\"mailto:darsa@darsa.pl\">darsa@darsa.pl<\/a><\/span>;<span>\u00a0<\/span><span id=\"cloak0fde7078767a5b0d9ae6d5045dd0ac8a\"><a href=\"mailto:ips.dzialdowo@darsa.pl\">ips.dzialdowo@darsa.pl<\/a><\/span><\/p>\t\t\t\t\t\t\t\t<\/div>\n\t\t\t\t<\/div>\n\t\t\t\t\t<\/div>\n\t\t<\/div>\n\t\t\t\t\t<\/div>\n\t\t<\/section>\n\t\t\t\t<\/div>\n\t\t","protected":false},"excerpt":{"rendered":"<p>O\u015brodek Wsparcia Ekonomii Spo\u0142ecznej w Nidzicy O\u015brodek Wsparcia Ekonomii Spo\u0142ecznej w Nidzicy realizowany w partnerstwie przez Nidzick\u0105 Fundacj\u0119 Rozwoju\u00a0 NIDA oraz Dzia\u0142dowsk\u0105 Agencj\u0119 Rozwoju S.A. \u015bwiadczy wsparcie merytoryczne i finansowe w postaci dotacji na zak\u0142adanie przedsi\u0119biorstw spo\u0142ecznych oraz tworzenie miejsc pracy w funkcjonuj\u0105cych przedsi\u0119biorstwach spo\u0142ecznych. O bezzwrotne dotacje na za\u0142o\u017cenie [&hellip;]<\/p>\n","protected":false},"author":1,"featured_media":0,"parent":1488,"menu_order":1,"comment_status":"closed","ping_status":"closed","template":"elementor_header_footer","meta":{"footnotes":""},"class_list":["post-1497","page","type-page","status-publish","hentry"],"yoast_head":"<!-- This site is optimized with the Yoast SEO plugin v27.3 - https:\/\/yoast.com\/product\/yoast-seo-wordpress\/ -->\n<title>Dzia\u0142dowska Agencja Rozwoju S.A.<\/title>\n<meta name=\"description\" content=\"Wspieranie ma\u0142ych i \u015brednich przedsi\u0119biorstw, edukacja i szkolenia.\" \/>\n<meta name=\"robots\" content=\"index, follow, max-snippet:-1, max-image-preview:large, max-video-preview:-1\" \/>\n<link rel=\"canonical\" href=\"https:\/\/darsa.pl\/www\/ekonomia-spoleczna\/owes-nidzica-2019-2022\/o-projekcie\/\" \/>\n<meta property=\"og:locale\" content=\"pl_PL\" \/>\n<meta property=\"og:type\" content=\"article\" \/>\n<meta property=\"og:description\" content=\"Wspieranie ma\u0142ych i \u015brednich przedsi\u0119biorstw, edukacja i szkolenia.\" \/>\n<meta property=\"og:url\" content=\"https:\/\/darsa.pl\/www\/ekonomia-spoleczna\/owes-nidzica-2019-2022\/o-projekcie\/\" \/>\n<meta property=\"og:site_name\" content=\"Dzia\u0142dowska Agencja Rozwoju S.A.\" \/>\n<meta property=\"article:modified_time\" content=\"2020-12-11T14:10:10+00:00\" \/>\n<meta property=\"og:image\" content=\"https:\/\/darsa.pl\/www\/wp-content\/uploads\/2020\/07\/og_img3.png\" \/>\n\t<meta property=\"og:image:width\" content=\"1200\" \/>\n\t<meta property=\"og:image:height\" content=\"630\" \/>\n\t<meta property=\"og:image:type\" content=\"image\/png\" \/>\n<meta name=\"twitter:card\" content=\"summary_large_image\" \/>\n<meta name=\"twitter:label1\" content=\"Szacowany czas czytania\" \/>\n\t<meta name=\"twitter:data1\" content=\"3 minuty\" \/>\n<script type=\"application\/ld+json\" class=\"yoast-schema-graph\">{\"@context\":\"https:\\\/\\\/schema.org\",\"@graph\":[{\"@type\":\"WebPage\",\"@id\":\"https:\\\/\\\/darsa.pl\\\/www\\\/ekonomia-spoleczna\\\/owes-nidzica-2019-2022\\\/o-projekcie\\\/\",\"url\":\"https:\\\/\\\/darsa.pl\\\/www\\\/ekonomia-spoleczna\\\/owes-nidzica-2019-2022\\\/o-projekcie\\\/\",\"name\":\"\",\"isPartOf\":{\"@id\":\"https:\\\/\\\/darsa.pl\\\/www\\\/#website\"},\"datePublished\":\"2020-08-26T05:27:37+00:00\",\"dateModified\":\"2020-12-11T14:10:10+00:00\",\"description\":\"Wspieranie ma\u0142ych i \u015brednich przedsi\u0119biorstw, edukacja i szkolenia.\",\"breadcrumb\":{\"@id\":\"https:\\\/\\\/darsa.pl\\\/www\\\/ekonomia-spoleczna\\\/owes-nidzica-2019-2022\\\/o-projekcie\\\/#breadcrumb\"},\"inLanguage\":\"pl-PL\",\"potentialAction\":[{\"@type\":\"ReadAction\",\"target\":[\"https:\\\/\\\/darsa.pl\\\/www\\\/ekonomia-spoleczna\\\/owes-nidzica-2019-2022\\\/o-projekcie\\\/\"]}]},{\"@type\":\"BreadcrumbList\",\"@id\":\"https:\\\/\\\/darsa.pl\\\/www\\\/ekonomia-spoleczna\\\/owes-nidzica-2019-2022\\\/o-projekcie\\\/#breadcrumb\",\"itemListElement\":[{\"@type\":\"ListItem\",\"position\":1,\"name\":\"Strona g\u0142\u00f3wna\",\"item\":\"https:\\\/\\\/darsa.pl\\\/www\\\/\"},{\"@type\":\"ListItem\",\"position\":2,\"name\":\"EKONOMIA SPO\u0141ECZNA\",\"item\":\"https:\\\/\\\/darsa.pl\\\/www\\\/ekonomia-spoleczna\\\/\"},{\"@type\":\"ListItem\",\"position\":3,\"name\":\"OWES NIDZICA 2019-2022\",\"item\":\"https:\\\/\\\/darsa.pl\\\/www\\\/ekonomia-spoleczna\\\/owes-nidzica-2019-2022\\\/\"},{\"@type\":\"ListItem\",\"position\":4,\"name\":\"O PROJEKCIE\"}]},{\"@type\":\"WebSite\",\"@id\":\"https:\\\/\\\/darsa.pl\\\/www\\\/#website\",\"url\":\"https:\\\/\\\/darsa.pl\\\/www\\\/\",\"name\":\"Dzia\u0142dowska Agencja Rozwoju S.A.\",\"description\":\"Wspieranie ma\u0142ych i \u015brednich przedsi\u0119biorstw, edukacja i szkolenia.\",\"publisher\":{\"@id\":\"https:\\\/\\\/darsa.pl\\\/www\\\/#organization\"},\"potentialAction\":[{\"@type\":\"SearchAction\",\"target\":{\"@type\":\"EntryPoint\",\"urlTemplate\":\"https:\\\/\\\/darsa.pl\\\/www\\\/?s={search_term_string}\"},\"query-input\":{\"@type\":\"PropertyValueSpecification\",\"valueRequired\":true,\"valueName\":\"search_term_string\"}}],\"inLanguage\":\"pl-PL\"},{\"@type\":\"Organization\",\"@id\":\"https:\\\/\\\/darsa.pl\\\/www\\\/#organization\",\"name\":\"Dzia\u0142dowska Agencja Rozwoju S.A.\",\"url\":\"https:\\\/\\\/darsa.pl\\\/www\\\/\",\"logo\":{\"@type\":\"ImageObject\",\"inLanguage\":\"pl-PL\",\"@id\":\"https:\\\/\\\/darsa.pl\\\/www\\\/#\\\/schema\\\/logo\\\/image\\\/\",\"url\":\"https:\\\/\\\/darsa.pl\\\/www\\\/wp-content\\\/uploads\\\/2020\\\/06\\\/logo_h200px.png\",\"contentUrl\":\"https:\\\/\\\/darsa.pl\\\/www\\\/wp-content\\\/uploads\\\/2020\\\/06\\\/logo_h200px.png\",\"width\":856,\"height\":200,\"caption\":\"Dzia\u0142dowska Agencja Rozwoju S.A.\"},\"image\":{\"@id\":\"https:\\\/\\\/darsa.pl\\\/www\\\/#\\\/schema\\\/logo\\\/image\\\/\"}}]}<\/script>\n<!-- \/ Yoast SEO plugin. -->","yoast_head_json":{"title":"Dzia\u0142dowska Agencja Rozwoju S.A.","description":"Wspieranie ma\u0142ych i \u015brednich przedsi\u0119biorstw, edukacja i szkolenia.","robots":{"index":"index","follow":"follow","max-snippet":"max-snippet:-1","max-image-preview":"max-image-preview:large","max-video-preview":"max-video-preview:-1"},"canonical":"https:\/\/darsa.pl\/www\/ekonomia-spoleczna\/owes-nidzica-2019-2022\/o-projekcie\/","og_locale":"pl_PL","og_type":"article","og_description":"Wspieranie ma\u0142ych i \u015brednich przedsi\u0119biorstw, edukacja i szkolenia.","og_url":"https:\/\/darsa.pl\/www\/ekonomia-spoleczna\/owes-nidzica-2019-2022\/o-projekcie\/","og_site_name":"Dzia\u0142dowska Agencja Rozwoju S.A.","article_modified_time":"2020-12-11T14:10:10+00:00","og_image":[{"width":1200,"height":630,"url":"https:\/\/darsa.pl\/www\/wp-content\/uploads\/2020\/07\/og_img3.png","type":"image\/png"}],"twitter_card":"summary_large_image","twitter_misc":{"Szacowany czas czytania":"3 minuty"},"schema":{"@context":"https:\/\/schema.org","@graph":[{"@type":"WebPage","@id":"https:\/\/darsa.pl\/www\/ekonomia-spoleczna\/owes-nidzica-2019-2022\/o-projekcie\/","url":"https:\/\/darsa.pl\/www\/ekonomia-spoleczna\/owes-nidzica-2019-2022\/o-projekcie\/","name":"","isPartOf":{"@id":"https:\/\/darsa.pl\/www\/#website"},"datePublished":"2020-08-26T05:27:37+00:00","dateModified":"2020-12-11T14:10:10+00:00","description":"Wspieranie ma\u0142ych i \u015brednich przedsi\u0119biorstw, edukacja i szkolenia.","breadcrumb":{"@id":"https:\/\/darsa.pl\/www\/ekonomia-spoleczna\/owes-nidzica-2019-2022\/o-projekcie\/#breadcrumb"},"inLanguage":"pl-PL","potentialAction":[{"@type":"ReadAction","target":["https:\/\/darsa.pl\/www\/ekonomia-spoleczna\/owes-nidzica-2019-2022\/o-projekcie\/"]}]},{"@type":"BreadcrumbList","@id":"https:\/\/darsa.pl\/www\/ekonomia-spoleczna\/owes-nidzica-2019-2022\/o-projekcie\/#breadcrumb","itemListElement":[{"@type":"ListItem","position":1,"name":"Strona g\u0142\u00f3wna","item":"https:\/\/darsa.pl\/www\/"},{"@type":"ListItem","position":2,"name":"EKONOMIA SPO\u0141ECZNA","item":"https:\/\/darsa.pl\/www\/ekonomia-spoleczna\/"},{"@type":"ListItem","position":3,"name":"OWES NIDZICA 2019-2022","item":"https:\/\/darsa.pl\/www\/ekonomia-spoleczna\/owes-nidzica-2019-2022\/"},{"@type":"ListItem","position":4,"name":"O PROJEKCIE"}]},{"@type":"WebSite","@id":"https:\/\/darsa.pl\/www\/#website","url":"https:\/\/darsa.pl\/www\/","name":"Dzia\u0142dowska Agencja Rozwoju S.A.","description":"Wspieranie ma\u0142ych i \u015brednich przedsi\u0119biorstw, edukacja i szkolenia.","publisher":{"@id":"https:\/\/darsa.pl\/www\/#organization"},"potentialAction":[{"@type":"SearchAction","target":{"@type":"EntryPoint","urlTemplate":"https:\/\/darsa.pl\/www\/?s={search_term_string}"},"query-input":{"@type":"PropertyValueSpecification","valueRequired":true,"valueName":"search_term_string"}}],"inLanguage":"pl-PL"},{"@type":"Organization","@id":"https:\/\/darsa.pl\/www\/#organization","name":"Dzia\u0142dowska Agencja Rozwoju S.A.","url":"https:\/\/darsa.pl\/www\/","logo":{"@type":"ImageObject","inLanguage":"pl-PL","@id":"https:\/\/darsa.pl\/www\/#\/schema\/logo\/image\/","url":"https:\/\/darsa.pl\/www\/wp-content\/uploads\/2020\/06\/logo_h200px.png","contentUrl":"https:\/\/darsa.pl\/www\/wp-content\/uploads\/2020\/06\/logo_h200px.png","width":856,"height":200,"caption":"Dzia\u0142dowska Agencja Rozwoju S.A."},"image":{"@id":"https:\/\/darsa.pl\/www\/#\/schema\/logo\/image\/"}}]}},"_links":{"self":[{"href":"https:\/\/darsa.pl\/www\/wp-json\/wp\/v2\/pages\/1497","targetHints":{"allow":["GET"]}}],"collection":[{"href":"https:\/\/darsa.pl\/www\/wp-json\/wp\/v2\/pages"}],"about":[{"href":"https:\/\/darsa.pl\/www\/wp-json\/wp\/v2\/types\/page"}],"author":[{"embeddable":true,"href":"https:\/\/darsa.pl\/www\/wp-json\/wp\/v2\/users\/1"}],"replies":[{"embeddable":true,"href":"https:\/\/darsa.pl\/www\/wp-json\/wp\/v2\/comments?post=1497"}],"version-history":[{"count":40,"href":"https:\/\/darsa.pl\/www\/wp-json\/wp\/v2\/pages\/1497\/revisions"}],"predecessor-version":[{"id":2718,"href":"https:\/\/darsa.pl\/www\/wp-json\/wp\/v2\/pages\/1497\/revisions\/2718"}],"up":[{"embeddable":true,"href":"https:\/\/darsa.pl\/www\/wp-json\/wp\/v2\/pages\/1488"}],"wp:attachment":[{"href":"https:\/\/darsa.pl\/www\/wp-json\/wp\/v2\/media?parent=1497"}],"curies":[{"name":"wp","href":"https:\/\/api.w.org\/{rel}","templated":true}]}}