{"id":1431,"date":"2020-08-05T13:16:28","date_gmt":"2020-08-05T11:16:28","guid":{"rendered":"https:\/\/darsa.pl\/www\/?page_id=1431"},"modified":"2020-08-31T17:22:23","modified_gmt":"2020-08-31T15:22:23","slug":"program","status":"publish","type":"page","link":"https:\/\/darsa.pl\/www\/szkolenia\/seminarium-medyczne\/program\/","title":{"rendered":"PROGRAM"},"content":{"rendered":"\t\t<div data-elementor-type=\"wp-page\" data-elementor-id=\"1431\" class=\"elementor elementor-1431\">\n\t\t\t\t\t\t<section class=\"elementor-section elementor-top-section elementor-element elementor-element-7d486491 elementor-section-boxed elementor-section-height-default elementor-section-height-default\" data-id=\"7d486491\" data-element_type=\"section\" data-e-type=\"section\" data-settings=\"{&quot;background_background&quot;:&quot;gradient&quot;}\">\n\t\t\t\t\t\t<div class=\"elementor-container elementor-column-gap-default\">\n\t\t\t\t\t<div class=\"elementor-column elementor-col-100 elementor-top-column elementor-element elementor-element-481871ab\" data-id=\"481871ab\" data-element_type=\"column\" data-e-type=\"column\">\n\t\t\t<div class=\"elementor-widget-wrap elementor-element-populated\">\n\t\t\t\t\t\t<div class=\"elementor-element elementor-element-55fd0ab3 elementor-widget elementor-widget-heading\" data-id=\"55fd0ab3\" data-element_type=\"widget\" data-e-type=\"widget\" data-widget_type=\"heading.default\">\n\t\t\t\t<div class=\"elementor-widget-container\">\n\t\t\t\t\t<h2 class=\"elementor-heading-title elementor-size-default\">Seminarium medyczne<br>\n\"Ochrona prawna podczas wykonywania<br>zawodu ratownika medycznego\"<\/h2>\t\t\t\t<\/div>\n\t\t\t\t<\/div>\n\t\t\t\t\t<\/div>\n\t\t<\/div>\n\t\t\t\t\t<\/div>\n\t\t<\/section>\n\t\t\t\t<section class=\"elementor-section elementor-top-section elementor-element elementor-element-26658b94 elementor-section-boxed elementor-section-height-default elementor-section-height-default\" data-id=\"26658b94\" data-element_type=\"section\" data-e-type=\"section\">\n\t\t\t\t\t\t<div class=\"elementor-container elementor-column-gap-default\">\n\t\t\t\t\t<div class=\"elementor-column elementor-col-100 elementor-top-column elementor-element elementor-element-20d896cc\" data-id=\"20d896cc\" data-element_type=\"column\" data-e-type=\"column\">\n\t\t\t<div class=\"elementor-widget-wrap elementor-element-populated\">\n\t\t\t\t\t\t<div class=\"elementor-element elementor-element-26856da6 elementor-widget elementor-widget-text-editor\" data-id=\"26856da6\" data-element_type=\"widget\" data-e-type=\"widget\" data-widget_type=\"text-editor.default\">\n\t\t\t\t<div class=\"elementor-widget-container\">\n\t\t\t\t\t\t\t\t\t<p><\/p><table width=\"0\"><tbody><tr><td width=\"37\"><p style=\"text-align: center;\"><strong>Lp.<\/strong><\/p><\/td><td width=\"113\"><p><strong>\u00a0<\/strong><\/p><p style=\"text-align: center;\"><strong>Godzina<\/strong><\/p><p style=\"text-align: center;\"><strong>od &#8211; do<\/strong><\/p><\/td><td width=\"230\"><p style=\"text-align: center;\"><strong>Temat wyk\u0142adu<\/strong><\/p><\/td><td width=\"223\"><p style=\"text-align: center;\"><strong>Tytu\u0142, imi\u0119 i nazwisko wyk\u0142adowcy \/prowadz\u0105cego \u2013 kwalifikacje<\/strong><\/p><p>(zgodnie z ustaw\u0105 o Pa\u0144stwowym Ratownictwie Medycznym z dnia 08.09.2006 r. z p\u00f3\u017an. zm.)<\/p><\/td><td width=\"82\"><p><strong>\u00a0<\/strong><\/p><p style=\"text-align: center;\"><strong>Liczba<br \/>godzin dydakt.<\/strong><\/p><\/td><\/tr><tr><td width=\"37\"><p style=\"text-align: center;\">1.<\/p><\/td><td width=\"113\"><p style=\"text-align: center;\">10:00 \u2013 10:45<\/p><\/td><td width=\"230\"><p>Ochrona prawna podczas wykonywania zawodu ratownika medycznego<\/p><\/td><td width=\"223\"><p style=\"text-align: center;\">radca prawny Pawe\u0142 Strzelec<\/p><\/td><td width=\"82\"><p style=\"text-align: center;\">1<\/p><\/td><\/tr><tr><td width=\"37\"><p style=\"text-align: center;\">2.<\/p><\/td><td width=\"113\"><p style=\"text-align: center;\">10:45 \u2013 11:30<\/p><\/td><td width=\"230\"><p>Ochrona prawna podczas wykonywania zawodu ratownika medycznego<\/p><\/td><td width=\"223\"><p style=\"text-align: center;\">radca prawny Pawe\u0142 Strzelec<\/p><\/td><td width=\"82\"><p style=\"text-align: center;\">1<\/p><\/td><\/tr><tr><td width=\"37\"><p style=\"text-align: center;\">3.<\/p><\/td><td width=\"113\"><p style=\"text-align: center;\">11:30 \u2013 12:15<\/p><\/td><td width=\"230\"><p>Ochrona prawna podczas wykonywania zawodu ratownika medycznego<\/p><\/td><td width=\"223\"><p style=\"text-align: center;\">radca prawny Pawe\u0142 Strzelec<\/p><\/td><td width=\"82\"><p style=\"text-align: center;\">1<\/p><\/td><\/tr><tr><td width=\"37\"><p style=\"text-align: center;\">4.<\/p><\/td><td width=\"113\"><p style=\"text-align: center;\">12:45 \u2013 13:30<\/p><\/td><td width=\"230\"><p>Ochrona prawna podczas wykonywania zawodu ratownika medycznego<\/p><\/td><td width=\"223\"><p style=\"text-align: center;\">radca prawny Pawe\u0142 Strzelec<\/p><\/td><td width=\"82\"><p style=\"text-align: center;\">1<\/p><\/td><\/tr><tr><td width=\"37\"><p style=\"text-align: center;\">5.<\/p><\/td><td width=\"113\"><p style=\"text-align: center;\">13:30 \u2013 14:15<\/p><\/td><td width=\"230\"><p>Ochrona prawna podczas wykonywania zawodu ratownika medycznego<\/p><\/td><td width=\"223\"><p style=\"text-align: center;\">radca prawny Pawe\u0142 Strzelec<\/p><\/td><td width=\"82\"><p style=\"text-align: center;\">1<\/p><\/td><\/tr><tr><td width=\"37\"><p style=\"text-align: center;\">6.<\/p><\/td><td width=\"113\"><p style=\"text-align: center;\">14:15 &#8211; 15:00<\/p><\/td><td width=\"230\"><p>Ochrona prawna podczas wykonywania zawodu ratownika medycznego<\/p><\/td><td width=\"223\"><p style=\"text-align: center;\">radca prawny Pawe\u0142 Strzelec<\/p><\/td><td width=\"82\"><p style=\"text-align: center;\">1<\/p><\/td><\/tr><tr><td width=\"37\"><p style=\"text-align: center;\">7.<\/p><\/td><td width=\"113\"><p style=\"text-align: center;\">15:30 \u2013 16:15<\/p><\/td><td width=\"230\"><p>Ochrona prawna podczas wykonywania zawodu ratownika medycznego<\/p><\/td><td width=\"223\"><p style=\"text-align: center;\">radca prawny Pawe\u0142 Strzelec<\/p><\/td><td width=\"82\"><p style=\"text-align: center;\">1<\/p><\/td><\/tr><tr><td width=\"37\"><p style=\"text-align: center;\">8.<\/p><\/td><td width=\"113\"><p style=\"text-align: center;\">16:15 \u2013 17:00<\/p><\/td><td width=\"230\"><p>Ochrona prawna podczas wykonywania zawodu ratownika medycznego<\/p><\/td><td width=\"223\"><p style=\"text-align: center;\">radca prawny Pawe\u0142 Strzelec<\/p><\/td><td width=\"82\"><p style=\"text-align: center;\">1<\/p><\/td><\/tr><tr><td colspan=\"4\" width=\"604\"><p style=\"text-align: left;\"><strong>Razem liczba godzin<\/strong><\/p><\/td><td width=\"82\"><p style=\"text-align: center;\"><strong>8<\/strong><\/p><\/td><\/tr><\/tbody><\/table><p><\/p><p>O\u015bwiadczam, \u017ce Program seminarium jest zgodny z Rozporz\u0105dzeniem Ministra Zdrowia z dnia 2 pa\u017adziernika 2017 r. w sprawie doskonalenia zawodowego ratownik\u00f3w medycznych. Jednocze\u015bnie w przypadku zmiany kadry dydaktycznej zobowi\u0105zuj\u0119 si\u0119 do zast\u0105pienia jej osobami o nie mniejszym do\u015bwiadczeniu w wykonywaniu medycznych czynno\u015bci ratunkowych oraz w prowadzeniu kurs\u00f3w i innych szkole\u0144.<\/p><p style=\"text-align: center;\"><span><strong><u>Miejsce odbywania si\u0119 seminarium:<\/u><\/strong><\/span><\/p><p style=\"text-align: center;\"><span><u><\/u><strong>Centrum Kszta\u0142cenia Ustawicznego DAR, ul. Polna 11 a, 13 \u2013 200 Dzia\u0142dowo<\/strong><\/span><\/p><p style=\"text-align: center;\"><strong>\u00a0<a href=\"https:\/\/darsa.pl\/www\/wp-content\/uploads\/2020\/08\/karta_zgloszeniowa_seminarium_medyczne.pdf\" target=\"_blank\" rel=\"noopener noreferrer\">Pobierz kart\u0119 zg\u0142oszeniow\u0105<\/a><\/strong><\/p><p><em>Projekt ten realizujemy na podstawie: Umowy o dofinansowanie projektu &#8222;Dokapitalizowanie funduszy po\u017cyczkowych na Warmii i Mazurach&#8221; Nr UDA-RPWM.01.02.02-28-001\/09-00 w ramach Regionalnego Programu Operacyjnego Warmia i Mazury na lata 2007\u20132013 (RPO WiM), <strong>O\u015a PRIORYTETOWA 1<\/strong>: PRZEDSI\u0118BIORCZO\u015a\u0106, Dzia\u0142anie 1.2. <strong>Wzrost potencja\u0142u instytucji otoczenia biznesu<\/strong>, Poddzia\u0142anie 1.2.2. <strong>Fundusze por\u0119czeniowe i po\u017cyczkowe<\/strong>.<\/em><\/p>\t\t\t\t\t\t\t\t<\/div>\n\t\t\t\t<\/div>\n\t\t\t\t\t<\/div>\n\t\t<\/div>\n\t\t\t\t\t<\/div>\n\t\t<\/section>\n\t\t\t\t<\/div>\n\t\t","protected":false},"excerpt":{"rendered":"<p>Seminarium medyczne &#8222;Ochrona prawna podczas wykonywaniazawodu ratownika medycznego&#8221; Lp. \u00a0 Godzina od &#8211; do Temat wyk\u0142adu Tytu\u0142, imi\u0119 i nazwisko wyk\u0142adowcy \/prowadz\u0105cego \u2013 kwalifikacje (zgodnie z ustaw\u0105 o Pa\u0144stwowym Ratownictwie Medycznym z dnia 08.09.2006 r. z p\u00f3\u017an. zm.) \u00a0 Liczbagodzin dydakt. 1. 10:00 \u2013 10:45 Ochrona prawna podczas wykonywania zawodu [&hellip;]<\/p>\n","protected":false},"author":1,"featured_media":0,"parent":1428,"menu_order":0,"comment_status":"closed","ping_status":"closed","template":"elementor_header_footer","meta":{"footnotes":""},"class_list":["post-1431","page","type-page","status-publish","hentry"],"yoast_head":"<!-- This site is optimized with the Yoast SEO plugin v27.3 - https:\/\/yoast.com\/product\/yoast-seo-wordpress\/ -->\n<title>Dzia\u0142dowska Agencja Rozwoju S.A.<\/title>\n<meta name=\"description\" content=\"Wspieranie ma\u0142ych i \u015brednich przedsi\u0119biorstw, edukacja i szkolenia.\" \/>\n<meta name=\"robots\" content=\"index, follow, max-snippet:-1, max-image-preview:large, max-video-preview:-1\" \/>\n<link rel=\"canonical\" href=\"https:\/\/darsa.pl\/www\/szkolenia\/seminarium-medyczne\/program\/\" \/>\n<meta property=\"og:locale\" content=\"pl_PL\" \/>\n<meta property=\"og:type\" content=\"article\" \/>\n<meta property=\"og:description\" content=\"Wspieranie ma\u0142ych i \u015brednich przedsi\u0119biorstw, edukacja i szkolenia.\" \/>\n<meta property=\"og:url\" content=\"https:\/\/darsa.pl\/www\/szkolenia\/seminarium-medyczne\/program\/\" \/>\n<meta property=\"og:site_name\" content=\"Dzia\u0142dowska Agencja Rozwoju S.A.\" \/>\n<meta property=\"article:modified_time\" content=\"2020-08-31T15:22:23+00:00\" \/>\n<meta property=\"og:image\" content=\"https:\/\/darsa.pl\/www\/wp-content\/uploads\/2020\/07\/og_img3.png\" \/>\n\t<meta property=\"og:image:width\" content=\"1200\" \/>\n\t<meta property=\"og:image:height\" content=\"630\" \/>\n\t<meta property=\"og:image:type\" content=\"image\/png\" \/>\n<meta name=\"twitter:card\" content=\"summary_large_image\" \/>\n<meta name=\"twitter:label1\" content=\"Szacowany czas czytania\" \/>\n\t<meta name=\"twitter:data1\" content=\"1 minuta\" \/>\n<script type=\"application\/ld+json\" class=\"yoast-schema-graph\">{\"@context\":\"https:\\\/\\\/schema.org\",\"@graph\":[{\"@type\":\"WebPage\",\"@id\":\"https:\\\/\\\/darsa.pl\\\/www\\\/szkolenia\\\/seminarium-medyczne\\\/program\\\/\",\"url\":\"https:\\\/\\\/darsa.pl\\\/www\\\/szkolenia\\\/seminarium-medyczne\\\/program\\\/\",\"name\":\"\",\"isPartOf\":{\"@id\":\"https:\\\/\\\/darsa.pl\\\/www\\\/#website\"},\"datePublished\":\"2020-08-05T11:16:28+00:00\",\"dateModified\":\"2020-08-31T15:22:23+00:00\",\"description\":\"Wspieranie ma\u0142ych i \u015brednich przedsi\u0119biorstw, edukacja i szkolenia.\",\"breadcrumb\":{\"@id\":\"https:\\\/\\\/darsa.pl\\\/www\\\/szkolenia\\\/seminarium-medyczne\\\/program\\\/#breadcrumb\"},\"inLanguage\":\"pl-PL\",\"potentialAction\":[{\"@type\":\"ReadAction\",\"target\":[\"https:\\\/\\\/darsa.pl\\\/www\\\/szkolenia\\\/seminarium-medyczne\\\/program\\\/\"]}]},{\"@type\":\"BreadcrumbList\",\"@id\":\"https:\\\/\\\/darsa.pl\\\/www\\\/szkolenia\\\/seminarium-medyczne\\\/program\\\/#breadcrumb\",\"itemListElement\":[{\"@type\":\"ListItem\",\"position\":1,\"name\":\"Strona g\u0142\u00f3wna\",\"item\":\"https:\\\/\\\/darsa.pl\\\/www\\\/\"},{\"@type\":\"ListItem\",\"position\":2,\"name\":\"SZKOLENIA\",\"item\":\"https:\\\/\\\/darsa.pl\\\/www\\\/szkolenia\\\/\"},{\"@type\":\"ListItem\",\"position\":3,\"name\":\"SEMINARIUM MEDYCZNE\",\"item\":\"https:\\\/\\\/darsa.pl\\\/www\\\/szkolenia\\\/seminarium-medyczne\\\/\"},{\"@type\":\"ListItem\",\"position\":4,\"name\":\"PROGRAM\"}]},{\"@type\":\"WebSite\",\"@id\":\"https:\\\/\\\/darsa.pl\\\/www\\\/#website\",\"url\":\"https:\\\/\\\/darsa.pl\\\/www\\\/\",\"name\":\"Dzia\u0142dowska Agencja Rozwoju S.A.\",\"description\":\"Wspieranie ma\u0142ych i \u015brednich przedsi\u0119biorstw, edukacja i szkolenia.\",\"publisher\":{\"@id\":\"https:\\\/\\\/darsa.pl\\\/www\\\/#organization\"},\"potentialAction\":[{\"@type\":\"SearchAction\",\"target\":{\"@type\":\"EntryPoint\",\"urlTemplate\":\"https:\\\/\\\/darsa.pl\\\/www\\\/?s={search_term_string}\"},\"query-input\":{\"@type\":\"PropertyValueSpecification\",\"valueRequired\":true,\"valueName\":\"search_term_string\"}}],\"inLanguage\":\"pl-PL\"},{\"@type\":\"Organization\",\"@id\":\"https:\\\/\\\/darsa.pl\\\/www\\\/#organization\",\"name\":\"Dzia\u0142dowska Agencja Rozwoju S.A.\",\"url\":\"https:\\\/\\\/darsa.pl\\\/www\\\/\",\"logo\":{\"@type\":\"ImageObject\",\"inLanguage\":\"pl-PL\",\"@id\":\"https:\\\/\\\/darsa.pl\\\/www\\\/#\\\/schema\\\/logo\\\/image\\\/\",\"url\":\"https:\\\/\\\/darsa.pl\\\/www\\\/wp-content\\\/uploads\\\/2020\\\/06\\\/logo_h200px.png\",\"contentUrl\":\"https:\\\/\\\/darsa.pl\\\/www\\\/wp-content\\\/uploads\\\/2020\\\/06\\\/logo_h200px.png\",\"width\":856,\"height\":200,\"caption\":\"Dzia\u0142dowska Agencja Rozwoju S.A.\"},\"image\":{\"@id\":\"https:\\\/\\\/darsa.pl\\\/www\\\/#\\\/schema\\\/logo\\\/image\\\/\"}}]}<\/script>\n<!-- \/ Yoast SEO plugin. -->","yoast_head_json":{"title":"Dzia\u0142dowska Agencja Rozwoju S.A.","description":"Wspieranie ma\u0142ych i \u015brednich przedsi\u0119biorstw, edukacja i szkolenia.","robots":{"index":"index","follow":"follow","max-snippet":"max-snippet:-1","max-image-preview":"max-image-preview:large","max-video-preview":"max-video-preview:-1"},"canonical":"https:\/\/darsa.pl\/www\/szkolenia\/seminarium-medyczne\/program\/","og_locale":"pl_PL","og_type":"article","og_description":"Wspieranie ma\u0142ych i \u015brednich przedsi\u0119biorstw, edukacja i szkolenia.","og_url":"https:\/\/darsa.pl\/www\/szkolenia\/seminarium-medyczne\/program\/","og_site_name":"Dzia\u0142dowska Agencja Rozwoju S.A.","article_modified_time":"2020-08-31T15:22:23+00:00","og_image":[{"width":1200,"height":630,"url":"https:\/\/darsa.pl\/www\/wp-content\/uploads\/2020\/07\/og_img3.png","type":"image\/png"}],"twitter_card":"summary_large_image","twitter_misc":{"Szacowany czas czytania":"1 minuta"},"schema":{"@context":"https:\/\/schema.org","@graph":[{"@type":"WebPage","@id":"https:\/\/darsa.pl\/www\/szkolenia\/seminarium-medyczne\/program\/","url":"https:\/\/darsa.pl\/www\/szkolenia\/seminarium-medyczne\/program\/","name":"","isPartOf":{"@id":"https:\/\/darsa.pl\/www\/#website"},"datePublished":"2020-08-05T11:16:28+00:00","dateModified":"2020-08-31T15:22:23+00:00","description":"Wspieranie ma\u0142ych i \u015brednich przedsi\u0119biorstw, edukacja i szkolenia.","breadcrumb":{"@id":"https:\/\/darsa.pl\/www\/szkolenia\/seminarium-medyczne\/program\/#breadcrumb"},"inLanguage":"pl-PL","potentialAction":[{"@type":"ReadAction","target":["https:\/\/darsa.pl\/www\/szkolenia\/seminarium-medyczne\/program\/"]}]},{"@type":"BreadcrumbList","@id":"https:\/\/darsa.pl\/www\/szkolenia\/seminarium-medyczne\/program\/#breadcrumb","itemListElement":[{"@type":"ListItem","position":1,"name":"Strona g\u0142\u00f3wna","item":"https:\/\/darsa.pl\/www\/"},{"@type":"ListItem","position":2,"name":"SZKOLENIA","item":"https:\/\/darsa.pl\/www\/szkolenia\/"},{"@type":"ListItem","position":3,"name":"SEMINARIUM MEDYCZNE","item":"https:\/\/darsa.pl\/www\/szkolenia\/seminarium-medyczne\/"},{"@type":"ListItem","position":4,"name":"PROGRAM"}]},{"@type":"WebSite","@id":"https:\/\/darsa.pl\/www\/#website","url":"https:\/\/darsa.pl\/www\/","name":"Dzia\u0142dowska Agencja Rozwoju S.A.","description":"Wspieranie ma\u0142ych i \u015brednich przedsi\u0119biorstw, edukacja i szkolenia.","publisher":{"@id":"https:\/\/darsa.pl\/www\/#organization"},"potentialAction":[{"@type":"SearchAction","target":{"@type":"EntryPoint","urlTemplate":"https:\/\/darsa.pl\/www\/?s={search_term_string}"},"query-input":{"@type":"PropertyValueSpecification","valueRequired":true,"valueName":"search_term_string"}}],"inLanguage":"pl-PL"},{"@type":"Organization","@id":"https:\/\/darsa.pl\/www\/#organization","name":"Dzia\u0142dowska Agencja Rozwoju S.A.","url":"https:\/\/darsa.pl\/www\/","logo":{"@type":"ImageObject","inLanguage":"pl-PL","@id":"https:\/\/darsa.pl\/www\/#\/schema\/logo\/image\/","url":"https:\/\/darsa.pl\/www\/wp-content\/uploads\/2020\/06\/logo_h200px.png","contentUrl":"https:\/\/darsa.pl\/www\/wp-content\/uploads\/2020\/06\/logo_h200px.png","width":856,"height":200,"caption":"Dzia\u0142dowska Agencja Rozwoju S.A."},"image":{"@id":"https:\/\/darsa.pl\/www\/#\/schema\/logo\/image\/"}}]}},"_links":{"self":[{"href":"https:\/\/darsa.pl\/www\/wp-json\/wp\/v2\/pages\/1431","targetHints":{"allow":["GET"]}}],"collection":[{"href":"https:\/\/darsa.pl\/www\/wp-json\/wp\/v2\/pages"}],"about":[{"href":"https:\/\/darsa.pl\/www\/wp-json\/wp\/v2\/types\/page"}],"author":[{"embeddable":true,"href":"https:\/\/darsa.pl\/www\/wp-json\/wp\/v2\/users\/1"}],"replies":[{"embeddable":true,"href":"https:\/\/darsa.pl\/www\/wp-json\/wp\/v2\/comments?post=1431"}],"version-history":[{"count":7,"href":"https:\/\/darsa.pl\/www\/wp-json\/wp\/v2\/pages\/1431\/revisions"}],"predecessor-version":[{"id":4047,"href":"https:\/\/darsa.pl\/www\/wp-json\/wp\/v2\/pages\/1431\/revisions\/4047"}],"up":[{"embeddable":true,"href":"https:\/\/darsa.pl\/www\/wp-json\/wp\/v2\/pages\/1428"}],"wp:attachment":[{"href":"https:\/\/darsa.pl\/www\/wp-json\/wp\/v2\/media?parent=1431"}],"curies":[{"name":"wp","href":"https:\/\/api.w.org\/{rel}","templated":true}]}}