{"id":1397,"date":"2020-08-05T12:39:51","date_gmt":"2020-08-05T10:39:51","guid":{"rendered":"https:\/\/darsa.pl\/www\/?page_id=1397"},"modified":"2020-08-26T09:49:06","modified_gmt":"2020-08-26T07:49:06","slug":"galeria","status":"publish","type":"page","link":"https:\/\/darsa.pl\/www\/targowisko\/galeria\/","title":{"rendered":"GALERIA"},"content":{"rendered":"\t\t<div data-elementor-type=\"wp-page\" data-elementor-id=\"1397\" class=\"elementor elementor-1397\">\n\t\t\t\t\t\t<section class=\"elementor-section elementor-top-section elementor-element elementor-element-56d1a85 elementor-section-boxed elementor-section-height-default elementor-section-height-default\" data-id=\"56d1a85\" data-element_type=\"section\" data-e-type=\"section\" data-settings=\"{&quot;background_background&quot;:&quot;gradient&quot;}\">\n\t\t\t\t\t\t<div class=\"elementor-container elementor-column-gap-default\">\n\t\t\t\t\t<div class=\"elementor-column elementor-col-100 elementor-top-column elementor-element elementor-element-229ac820\" data-id=\"229ac820\" data-element_type=\"column\" data-e-type=\"column\">\n\t\t\t<div class=\"elementor-widget-wrap elementor-element-populated\">\n\t\t\t\t\t\t<div class=\"elementor-element elementor-element-35440119 elementor-widget elementor-widget-heading\" data-id=\"35440119\" data-element_type=\"widget\" data-e-type=\"widget\" data-widget_type=\"heading.default\">\n\t\t\t\t<div class=\"elementor-widget-container\">\n\t\t\t\t\t<h2 class=\"elementor-heading-title elementor-size-default\">Galeria<\/h2>\t\t\t\t<\/div>\n\t\t\t\t<\/div>\n\t\t\t\t\t<\/div>\n\t\t<\/div>\n\t\t\t\t\t<\/div>\n\t\t<\/section>\n\t\t\t\t<section class=\"elementor-section elementor-top-section elementor-element elementor-element-5ab0f225 elementor-section-boxed elementor-section-height-default elementor-section-height-default\" data-id=\"5ab0f225\" data-element_type=\"section\" data-e-type=\"section\">\n\t\t\t\t\t\t<div class=\"elementor-container elementor-column-gap-default\">\n\t\t\t\t\t<div class=\"elementor-column elementor-col-100 elementor-top-column elementor-element elementor-element-74bda846\" data-id=\"74bda846\" data-element_type=\"column\" data-e-type=\"column\">\n\t\t\t<div class=\"elementor-widget-wrap elementor-element-populated\">\n\t\t\t\t\t\t<div class=\"elementor-element elementor-element-9ebfed7 elementor-widget elementor-widget-image-gallery\" data-id=\"9ebfed7\" data-element_type=\"widget\" data-e-type=\"widget\" data-widget_type=\"image-gallery.default\">\n\t\t\t\t<div class=\"elementor-widget-container\">\n\t\t\t\t\t\t\t<div class=\"elementor-image-gallery\">\n\t\t\t\n\t\t<style type=\"text\/css\">\n\t\t\t#gallery-1 {\n\t\t\t\tmargin: auto;\n\t\t\t}\n\t\t\t#gallery-1 .gallery-item {\n\t\t\t\tfloat: left;\n\t\t\t\tmargin-top: 10px;\n\t\t\t\ttext-align: center;\n\t\t\t\twidth: 33%;\n\t\t\t}\n\t\t\t#gallery-1 img {\n\t\t\t\tborder: 2px solid #cfcfcf;\n\t\t\t}\n\t\t\t#gallery-1 .gallery-caption {\n\t\t\t\tmargin-left: 0;\n\t\t\t}\n\t\t\t\/* see gallery_shortcode() in wp-includes\/media.php *\/\n\t\t<\/style>\n\t\t<div id='gallery-1' class='gallery galleryid-1397 gallery-columns-3 gallery-size-full'><dl class='gallery-item'>\n\t\t\t<dt class='gallery-icon portrait'>\n\t\t\t\t<a data-elementor-open-lightbox=\"yes\" data-elementor-lightbox-slideshow=\"9ebfed7\" data-e-action-hash=\"#elementor-action%3Aaction%3Dlightbox%26settings%3DeyJpZCI6MTQ3MCwidXJsIjoiaHR0cHM6XC9cL2RhcnNhLnBsXC93d3dcL3dwLWNvbnRlbnRcL3VwbG9hZHNcLzIwMjBcLzA4XC8wMDEuanBnIiwic2xpZGVzaG93IjoiOWViZmVkNyJ9\" href='https:\/\/darsa.pl\/www\/wp-content\/uploads\/2020\/08\/001.jpg'><img fetchpriority=\"high\" decoding=\"async\" width=\"506\" height=\"674\" src=\"https:\/\/darsa.pl\/www\/wp-content\/uploads\/2020\/08\/001.jpg\" class=\"attachment-full size-full\" alt=\"\" srcset=\"https:\/\/darsa.pl\/www\/wp-content\/uploads\/2020\/08\/001.jpg 506w, https:\/\/darsa.pl\/www\/wp-content\/uploads\/2020\/08\/001-225x300.jpg 225w\" sizes=\"(max-width: 506px) 100vw, 506px\" \/><\/a>\n\t\t\t<\/dt><\/dl><dl class='gallery-item'>\n\t\t\t<dt class='gallery-icon portrait'>\n\t\t\t\t<a data-elementor-open-lightbox=\"yes\" data-elementor-lightbox-slideshow=\"9ebfed7\" data-e-action-hash=\"#elementor-action%3Aaction%3Dlightbox%26settings%3DeyJpZCI6MTQ3MiwidXJsIjoiaHR0cHM6XC9cL2RhcnNhLnBsXC93d3dcL3dwLWNvbnRlbnRcL3VwbG9hZHNcLzIwMjBcLzA4XC8wMDMuanBnIiwic2xpZGVzaG93IjoiOWViZmVkNyJ9\" href='https:\/\/darsa.pl\/www\/wp-content\/uploads\/2020\/08\/003.jpg'><img decoding=\"async\" width=\"506\" height=\"674\" src=\"https:\/\/darsa.pl\/www\/wp-content\/uploads\/2020\/08\/003.jpg\" class=\"attachment-full size-full\" alt=\"\" srcset=\"https:\/\/darsa.pl\/www\/wp-content\/uploads\/2020\/08\/003.jpg 506w, https:\/\/darsa.pl\/www\/wp-content\/uploads\/2020\/08\/003-225x300.jpg 225w\" sizes=\"(max-width: 506px) 100vw, 506px\" \/><\/a>\n\t\t\t<\/dt><\/dl><dl class='gallery-item'>\n\t\t\t<dt class='gallery-icon portrait'>\n\t\t\t\t<a data-elementor-open-lightbox=\"yes\" data-elementor-lightbox-slideshow=\"9ebfed7\" data-e-action-hash=\"#elementor-action%3Aaction%3Dlightbox%26settings%3DeyJpZCI6MTQ3MywidXJsIjoiaHR0cHM6XC9cL2RhcnNhLnBsXC93d3dcL3dwLWNvbnRlbnRcL3VwbG9hZHNcLzIwMjBcLzA4XC8wMDQuanBnIiwic2xpZGVzaG93IjoiOWViZmVkNyJ9\" href='https:\/\/darsa.pl\/www\/wp-content\/uploads\/2020\/08\/004.jpg'><img decoding=\"async\" width=\"506\" height=\"674\" src=\"https:\/\/darsa.pl\/www\/wp-content\/uploads\/2020\/08\/004.jpg\" class=\"attachment-full size-full\" alt=\"\" srcset=\"https:\/\/darsa.pl\/www\/wp-content\/uploads\/2020\/08\/004.jpg 506w, https:\/\/darsa.pl\/www\/wp-content\/uploads\/2020\/08\/004-225x300.jpg 225w\" sizes=\"(max-width: 506px) 100vw, 506px\" \/><\/a>\n\t\t\t<\/dt><\/dl><br style=\"clear: both\" \/><dl class='gallery-item'>\n\t\t\t<dt class='gallery-icon portrait'>\n\t\t\t\t<a data-elementor-open-lightbox=\"yes\" data-elementor-lightbox-slideshow=\"9ebfed7\" data-e-action-hash=\"#elementor-action%3Aaction%3Dlightbox%26settings%3DeyJpZCI6MTQ3NCwidXJsIjoiaHR0cHM6XC9cL2RhcnNhLnBsXC93d3dcL3dwLWNvbnRlbnRcL3VwbG9hZHNcLzIwMjBcLzA4XC8wMDUuanBnIiwic2xpZGVzaG93IjoiOWViZmVkNyJ9\" href='https:\/\/darsa.pl\/www\/wp-content\/uploads\/2020\/08\/005.jpg'><img loading=\"lazy\" decoding=\"async\" width=\"506\" height=\"674\" src=\"https:\/\/darsa.pl\/www\/wp-content\/uploads\/2020\/08\/005.jpg\" class=\"attachment-full size-full\" alt=\"\" srcset=\"https:\/\/darsa.pl\/www\/wp-content\/uploads\/2020\/08\/005.jpg 506w, https:\/\/darsa.pl\/www\/wp-content\/uploads\/2020\/08\/005-225x300.jpg 225w\" sizes=\"(max-width: 506px) 100vw, 506px\" \/><\/a>\n\t\t\t<\/dt><\/dl><dl class='gallery-item'>\n\t\t\t<dt class='gallery-icon portrait'>\n\t\t\t\t<a data-elementor-open-lightbox=\"yes\" data-elementor-lightbox-slideshow=\"9ebfed7\" data-e-action-hash=\"#elementor-action%3Aaction%3Dlightbox%26settings%3DeyJpZCI6MTQ3NSwidXJsIjoiaHR0cHM6XC9cL2RhcnNhLnBsXC93d3dcL3dwLWNvbnRlbnRcL3VwbG9hZHNcLzIwMjBcLzA4XC8wMDYuanBnIiwic2xpZGVzaG93IjoiOWViZmVkNyJ9\" href='https:\/\/darsa.pl\/www\/wp-content\/uploads\/2020\/08\/006.jpg'><img loading=\"lazy\" decoding=\"async\" width=\"506\" height=\"674\" src=\"https:\/\/darsa.pl\/www\/wp-content\/uploads\/2020\/08\/006.jpg\" class=\"attachment-full size-full\" alt=\"\" srcset=\"https:\/\/darsa.pl\/www\/wp-content\/uploads\/2020\/08\/006.jpg 506w, https:\/\/darsa.pl\/www\/wp-content\/uploads\/2020\/08\/006-225x300.jpg 225w\" sizes=\"(max-width: 506px) 100vw, 506px\" \/><\/a>\n\t\t\t<\/dt><\/dl><dl class='gallery-item'>\n\t\t\t<dt class='gallery-icon portrait'>\n\t\t\t\t<a data-elementor-open-lightbox=\"yes\" data-elementor-lightbox-slideshow=\"9ebfed7\" data-e-action-hash=\"#elementor-action%3Aaction%3Dlightbox%26settings%3DeyJpZCI6MTQ3NiwidXJsIjoiaHR0cHM6XC9cL2RhcnNhLnBsXC93d3dcL3dwLWNvbnRlbnRcL3VwbG9hZHNcLzIwMjBcLzA4XC8wMDcuanBnIiwic2xpZGVzaG93IjoiOWViZmVkNyJ9\" href='https:\/\/darsa.pl\/www\/wp-content\/uploads\/2020\/08\/007.jpg'><img loading=\"lazy\" decoding=\"async\" width=\"506\" height=\"674\" src=\"https:\/\/darsa.pl\/www\/wp-content\/uploads\/2020\/08\/007.jpg\" class=\"attachment-full size-full\" alt=\"\" srcset=\"https:\/\/darsa.pl\/www\/wp-content\/uploads\/2020\/08\/007.jpg 506w, https:\/\/darsa.pl\/www\/wp-content\/uploads\/2020\/08\/007-225x300.jpg 225w\" sizes=\"(max-width: 506px) 100vw, 506px\" \/><\/a>\n\t\t\t<\/dt><\/dl><br style=\"clear: both\" \/><dl class='gallery-item'>\n\t\t\t<dt class='gallery-icon portrait'>\n\t\t\t\t<a data-elementor-open-lightbox=\"yes\" data-elementor-lightbox-slideshow=\"9ebfed7\" data-e-action-hash=\"#elementor-action%3Aaction%3Dlightbox%26settings%3DeyJpZCI6MTQ3NywidXJsIjoiaHR0cHM6XC9cL2RhcnNhLnBsXC93d3dcL3dwLWNvbnRlbnRcL3VwbG9hZHNcLzIwMjBcLzA4XC8wMDguanBnIiwic2xpZGVzaG93IjoiOWViZmVkNyJ9\" href='https:\/\/darsa.pl\/www\/wp-content\/uploads\/2020\/08\/008.jpg'><img loading=\"lazy\" decoding=\"async\" width=\"506\" height=\"674\" src=\"https:\/\/darsa.pl\/www\/wp-content\/uploads\/2020\/08\/008.jpg\" class=\"attachment-full size-full\" alt=\"\" srcset=\"https:\/\/darsa.pl\/www\/wp-content\/uploads\/2020\/08\/008.jpg 506w, https:\/\/darsa.pl\/www\/wp-content\/uploads\/2020\/08\/008-225x300.jpg 225w\" sizes=\"(max-width: 506px) 100vw, 506px\" \/><\/a>\n\t\t\t<\/dt><\/dl><dl class='gallery-item'>\n\t\t\t<dt class='gallery-icon portrait'>\n\t\t\t\t<a data-elementor-open-lightbox=\"yes\" data-elementor-lightbox-slideshow=\"9ebfed7\" data-e-action-hash=\"#elementor-action%3Aaction%3Dlightbox%26settings%3DeyJpZCI6MTQ3OCwidXJsIjoiaHR0cHM6XC9cL2RhcnNhLnBsXC93d3dcL3dwLWNvbnRlbnRcL3VwbG9hZHNcLzIwMjBcLzA4XC8wMDkuanBnIiwic2xpZGVzaG93IjoiOWViZmVkNyJ9\" href='https:\/\/darsa.pl\/www\/wp-content\/uploads\/2020\/08\/009.jpg'><img loading=\"lazy\" decoding=\"async\" width=\"506\" height=\"674\" src=\"https:\/\/darsa.pl\/www\/wp-content\/uploads\/2020\/08\/009.jpg\" class=\"attachment-full size-full\" alt=\"\" srcset=\"https:\/\/darsa.pl\/www\/wp-content\/uploads\/2020\/08\/009.jpg 506w, https:\/\/darsa.pl\/www\/wp-content\/uploads\/2020\/08\/009-225x300.jpg 225w\" sizes=\"(max-width: 506px) 100vw, 506px\" \/><\/a>\n\t\t\t<\/dt><\/dl><dl class='gallery-item'>\n\t\t\t<dt class='gallery-icon portrait'>\n\t\t\t\t<a data-elementor-open-lightbox=\"yes\" data-elementor-lightbox-slideshow=\"9ebfed7\" data-e-action-hash=\"#elementor-action%3Aaction%3Dlightbox%26settings%3DeyJpZCI6MTQ3OSwidXJsIjoiaHR0cHM6XC9cL2RhcnNhLnBsXC93d3dcL3dwLWNvbnRlbnRcL3VwbG9hZHNcLzIwMjBcLzA4XC8wMTAuanBnIiwic2xpZGVzaG93IjoiOWViZmVkNyJ9\" href='https:\/\/darsa.pl\/www\/wp-content\/uploads\/2020\/08\/010.jpg'><img loading=\"lazy\" decoding=\"async\" width=\"506\" height=\"674\" src=\"https:\/\/darsa.pl\/www\/wp-content\/uploads\/2020\/08\/010.jpg\" class=\"attachment-full size-full\" alt=\"\" srcset=\"https:\/\/darsa.pl\/www\/wp-content\/uploads\/2020\/08\/010.jpg 506w, https:\/\/darsa.pl\/www\/wp-content\/uploads\/2020\/08\/010-225x300.jpg 225w\" sizes=\"(max-width: 506px) 100vw, 506px\" \/><\/a>\n\t\t\t<\/dt><\/dl><br style=\"clear: both\" \/><dl class='gallery-item'>\n\t\t\t<dt class='gallery-icon landscape'>\n\t\t\t\t<a data-elementor-open-lightbox=\"yes\" data-elementor-lightbox-slideshow=\"9ebfed7\" data-e-action-hash=\"#elementor-action%3Aaction%3Dlightbox%26settings%3DeyJpZCI6MTQ4MCwidXJsIjoiaHR0cHM6XC9cL2RhcnNhLnBsXC93d3dcL3dwLWNvbnRlbnRcL3VwbG9hZHNcLzIwMjBcLzA4XC8wMTEuanBnIiwic2xpZGVzaG93IjoiOWViZmVkNyJ9\" href='https:\/\/darsa.pl\/www\/wp-content\/uploads\/2020\/08\/011.jpg'><img loading=\"lazy\" decoding=\"async\" width=\"816\" height=\"612\" src=\"https:\/\/darsa.pl\/www\/wp-content\/uploads\/2020\/08\/011.jpg\" class=\"attachment-full size-full\" alt=\"\" srcset=\"https:\/\/darsa.pl\/www\/wp-content\/uploads\/2020\/08\/011.jpg 816w, https:\/\/darsa.pl\/www\/wp-content\/uploads\/2020\/08\/011-300x225.jpg 300w, https:\/\/darsa.pl\/www\/wp-content\/uploads\/2020\/08\/011-768x576.jpg 768w\" sizes=\"(max-width: 816px) 100vw, 816px\" \/><\/a>\n\t\t\t<\/dt><\/dl><dl class='gallery-item'>\n\t\t\t<dt class='gallery-icon landscape'>\n\t\t\t\t<a data-elementor-open-lightbox=\"yes\" data-elementor-lightbox-slideshow=\"9ebfed7\" data-e-action-hash=\"#elementor-action%3Aaction%3Dlightbox%26settings%3DeyJpZCI6MTQ4MSwidXJsIjoiaHR0cHM6XC9cL2RhcnNhLnBsXC93d3dcL3dwLWNvbnRlbnRcL3VwbG9hZHNcLzIwMjBcLzA4XC8wMTIuanBnIiwic2xpZGVzaG93IjoiOWViZmVkNyJ9\" href='https:\/\/darsa.pl\/www\/wp-content\/uploads\/2020\/08\/012.jpg'><img loading=\"lazy\" decoding=\"async\" width=\"816\" height=\"612\" src=\"https:\/\/darsa.pl\/www\/wp-content\/uploads\/2020\/08\/012.jpg\" class=\"attachment-full size-full\" alt=\"\" srcset=\"https:\/\/darsa.pl\/www\/wp-content\/uploads\/2020\/08\/012.jpg 816w, https:\/\/darsa.pl\/www\/wp-content\/uploads\/2020\/08\/012-300x225.jpg 300w, https:\/\/darsa.pl\/www\/wp-content\/uploads\/2020\/08\/012-768x576.jpg 768w\" sizes=\"(max-width: 816px) 100vw, 816px\" \/><\/a>\n\t\t\t<\/dt><\/dl><dl class='gallery-item'>\n\t\t\t<dt class='gallery-icon landscape'>\n\t\t\t\t<a data-elementor-open-lightbox=\"yes\" data-elementor-lightbox-slideshow=\"9ebfed7\" data-e-action-hash=\"#elementor-action%3Aaction%3Dlightbox%26settings%3DeyJpZCI6MTQ4MiwidXJsIjoiaHR0cHM6XC9cL2RhcnNhLnBsXC93d3dcL3dwLWNvbnRlbnRcL3VwbG9hZHNcLzIwMjBcLzA4XC8wMTMuanBnIiwic2xpZGVzaG93IjoiOWViZmVkNyJ9\" href='https:\/\/darsa.pl\/www\/wp-content\/uploads\/2020\/08\/013.jpg'><img loading=\"lazy\" decoding=\"async\" width=\"816\" height=\"612\" src=\"https:\/\/darsa.pl\/www\/wp-content\/uploads\/2020\/08\/013.jpg\" class=\"attachment-full size-full\" alt=\"\" srcset=\"https:\/\/darsa.pl\/www\/wp-content\/uploads\/2020\/08\/013.jpg 816w, https:\/\/darsa.pl\/www\/wp-content\/uploads\/2020\/08\/013-300x225.jpg 300w, https:\/\/darsa.pl\/www\/wp-content\/uploads\/2020\/08\/013-768x576.jpg 768w\" sizes=\"(max-width: 816px) 100vw, 816px\" \/><\/a>\n\t\t\t<\/dt><\/dl><br style=\"clear: both\" \/><dl class='gallery-item'>\n\t\t\t<dt class='gallery-icon landscape'>\n\t\t\t\t<a data-elementor-open-lightbox=\"yes\" data-elementor-lightbox-slideshow=\"9ebfed7\" data-e-action-hash=\"#elementor-action%3Aaction%3Dlightbox%26settings%3DeyJpZCI6MTQ4MywidXJsIjoiaHR0cHM6XC9cL2RhcnNhLnBsXC93d3dcL3dwLWNvbnRlbnRcL3VwbG9hZHNcLzIwMjBcLzA4XC8wMTQuanBnIiwic2xpZGVzaG93IjoiOWViZmVkNyJ9\" href='https:\/\/darsa.pl\/www\/wp-content\/uploads\/2020\/08\/014.jpg'><img loading=\"lazy\" decoding=\"async\" width=\"816\" height=\"612\" src=\"https:\/\/darsa.pl\/www\/wp-content\/uploads\/2020\/08\/014.jpg\" class=\"attachment-full size-full\" alt=\"\" srcset=\"https:\/\/darsa.pl\/www\/wp-content\/uploads\/2020\/08\/014.jpg 816w, https:\/\/darsa.pl\/www\/wp-content\/uploads\/2020\/08\/014-300x225.jpg 300w, https:\/\/darsa.pl\/www\/wp-content\/uploads\/2020\/08\/014-768x576.jpg 768w\" sizes=\"(max-width: 816px) 100vw, 816px\" \/><\/a>\n\t\t\t<\/dt><\/dl><dl class='gallery-item'>\n\t\t\t<dt class='gallery-icon landscape'>\n\t\t\t\t<a data-elementor-open-lightbox=\"yes\" data-elementor-lightbox-slideshow=\"9ebfed7\" data-e-action-hash=\"#elementor-action%3Aaction%3Dlightbox%26settings%3DeyJpZCI6MTQ3MSwidXJsIjoiaHR0cHM6XC9cL2RhcnNhLnBsXC93d3dcL3dwLWNvbnRlbnRcL3VwbG9hZHNcLzIwMjBcLzA4XC8wMDIuanBnIiwic2xpZGVzaG93IjoiOWViZmVkNyJ9\" href='https:\/\/darsa.pl\/www\/wp-content\/uploads\/2020\/08\/002.jpg'><img loading=\"lazy\" decoding=\"async\" width=\"816\" height=\"612\" src=\"https:\/\/darsa.pl\/www\/wp-content\/uploads\/2020\/08\/002.jpg\" class=\"attachment-full size-full\" alt=\"\" srcset=\"https:\/\/darsa.pl\/www\/wp-content\/uploads\/2020\/08\/002.jpg 816w, https:\/\/darsa.pl\/www\/wp-content\/uploads\/2020\/08\/002-300x225.jpg 300w, https:\/\/darsa.pl\/www\/wp-content\/uploads\/2020\/08\/002-768x576.jpg 768w\" sizes=\"(max-width: 816px) 100vw, 816px\" \/><\/a>\n\t\t\t<\/dt><\/dl>\n\t\t\t<br style='clear: both' \/>\n\t\t<\/div>\n\t\t<\/div>\n\t\t\t\t\t\t<\/div>\n\t\t\t\t<\/div>\n\t\t\t\t\t<\/div>\n\t\t<\/div>\n\t\t\t\t\t<\/div>\n\t\t<\/section>\n\t\t\t\t<\/div>\n\t\t","protected":false},"excerpt":{"rendered":"<p>Galeria<\/p>\n","protected":false},"author":1,"featured_media":0,"parent":163,"menu_order":3,"comment_status":"closed","ping_status":"closed","template":"elementor_header_footer","meta":{"footnotes":""},"class_list":["post-1397","page","type-page","status-publish","hentry"],"yoast_head":"<!-- This site is optimized with the Yoast SEO plugin v27.3 - https:\/\/yoast.com\/product\/yoast-seo-wordpress\/ -->\n<title>Dzia\u0142dowska Agencja Rozwoju S.A.<\/title>\n<meta name=\"description\" content=\"Wspieranie ma\u0142ych i \u015brednich przedsi\u0119biorstw, edukacja i szkolenia.\" \/>\n<meta name=\"robots\" content=\"index, follow, max-snippet:-1, max-image-preview:large, max-video-preview:-1\" \/>\n<link rel=\"canonical\" href=\"https:\/\/darsa.pl\/www\/targowisko\/galeria\/\" \/>\n<meta property=\"og:locale\" content=\"pl_PL\" \/>\n<meta property=\"og:type\" content=\"article\" \/>\n<meta property=\"og:description\" content=\"Wspieranie ma\u0142ych i \u015brednich przedsi\u0119biorstw, edukacja i szkolenia.\" \/>\n<meta property=\"og:url\" content=\"https:\/\/darsa.pl\/www\/targowisko\/galeria\/\" \/>\n<meta property=\"og:site_name\" content=\"Dzia\u0142dowska Agencja Rozwoju S.A.\" \/>\n<meta property=\"article:modified_time\" content=\"2020-08-26T07:49:06+00:00\" \/>\n<meta property=\"og:image\" content=\"https:\/\/darsa.pl\/www\/wp-content\/uploads\/2020\/08\/001.jpg\" \/>\n<meta name=\"twitter:card\" content=\"summary_large_image\" \/>\n<script type=\"application\/ld+json\" class=\"yoast-schema-graph\">{\"@context\":\"https:\\\/\\\/schema.org\",\"@graph\":[{\"@type\":\"WebPage\",\"@id\":\"https:\\\/\\\/darsa.pl\\\/www\\\/targowisko\\\/galeria\\\/\",\"url\":\"https:\\\/\\\/darsa.pl\\\/www\\\/targowisko\\\/galeria\\\/\",\"name\":\"\",\"isPartOf\":{\"@id\":\"https:\\\/\\\/darsa.pl\\\/www\\\/#website\"},\"primaryImageOfPage\":{\"@id\":\"https:\\\/\\\/darsa.pl\\\/www\\\/targowisko\\\/galeria\\\/#primaryimage\"},\"image\":{\"@id\":\"https:\\\/\\\/darsa.pl\\\/www\\\/targowisko\\\/galeria\\\/#primaryimage\"},\"thumbnailUrl\":\"https:\\\/\\\/darsa.pl\\\/www\\\/wp-content\\\/uploads\\\/2020\\\/08\\\/001.jpg\",\"datePublished\":\"2020-08-05T10:39:51+00:00\",\"dateModified\":\"2020-08-26T07:49:06+00:00\",\"description\":\"Wspieranie ma\u0142ych i \u015brednich przedsi\u0119biorstw, edukacja i szkolenia.\",\"breadcrumb\":{\"@id\":\"https:\\\/\\\/darsa.pl\\\/www\\\/targowisko\\\/galeria\\\/#breadcrumb\"},\"inLanguage\":\"pl-PL\",\"potentialAction\":[{\"@type\":\"ReadAction\",\"target\":[\"https:\\\/\\\/darsa.pl\\\/www\\\/targowisko\\\/galeria\\\/\"]}]},{\"@type\":\"ImageObject\",\"inLanguage\":\"pl-PL\",\"@id\":\"https:\\\/\\\/darsa.pl\\\/www\\\/targowisko\\\/galeria\\\/#primaryimage\",\"url\":\"https:\\\/\\\/darsa.pl\\\/www\\\/wp-content\\\/uploads\\\/2020\\\/08\\\/001.jpg\",\"contentUrl\":\"https:\\\/\\\/darsa.pl\\\/www\\\/wp-content\\\/uploads\\\/2020\\\/08\\\/001.jpg\"},{\"@type\":\"BreadcrumbList\",\"@id\":\"https:\\\/\\\/darsa.pl\\\/www\\\/targowisko\\\/galeria\\\/#breadcrumb\",\"itemListElement\":[{\"@type\":\"ListItem\",\"position\":1,\"name\":\"Strona g\u0142\u00f3wna\",\"item\":\"https:\\\/\\\/darsa.pl\\\/www\\\/\"},{\"@type\":\"ListItem\",\"position\":2,\"name\":\"TARGOWISKO\",\"item\":\"https:\\\/\\\/darsa.pl\\\/www\\\/targowisko\\\/\"},{\"@type\":\"ListItem\",\"position\":3,\"name\":\"GALERIA\"}]},{\"@type\":\"WebSite\",\"@id\":\"https:\\\/\\\/darsa.pl\\\/www\\\/#website\",\"url\":\"https:\\\/\\\/darsa.pl\\\/www\\\/\",\"name\":\"Dzia\u0142dowska Agencja Rozwoju S.A.\",\"description\":\"Wspieranie ma\u0142ych i \u015brednich przedsi\u0119biorstw, edukacja i szkolenia.\",\"publisher\":{\"@id\":\"https:\\\/\\\/darsa.pl\\\/www\\\/#organization\"},\"potentialAction\":[{\"@type\":\"SearchAction\",\"target\":{\"@type\":\"EntryPoint\",\"urlTemplate\":\"https:\\\/\\\/darsa.pl\\\/www\\\/?s={search_term_string}\"},\"query-input\":{\"@type\":\"PropertyValueSpecification\",\"valueRequired\":true,\"valueName\":\"search_term_string\"}}],\"inLanguage\":\"pl-PL\"},{\"@type\":\"Organization\",\"@id\":\"https:\\\/\\\/darsa.pl\\\/www\\\/#organization\",\"name\":\"Dzia\u0142dowska Agencja Rozwoju S.A.\",\"url\":\"https:\\\/\\\/darsa.pl\\\/www\\\/\",\"logo\":{\"@type\":\"ImageObject\",\"inLanguage\":\"pl-PL\",\"@id\":\"https:\\\/\\\/darsa.pl\\\/www\\\/#\\\/schema\\\/logo\\\/image\\\/\",\"url\":\"https:\\\/\\\/darsa.pl\\\/www\\\/wp-content\\\/uploads\\\/2020\\\/06\\\/logo_h200px.png\",\"contentUrl\":\"https:\\\/\\\/darsa.pl\\\/www\\\/wp-content\\\/uploads\\\/2020\\\/06\\\/logo_h200px.png\",\"width\":856,\"height\":200,\"caption\":\"Dzia\u0142dowska Agencja Rozwoju S.A.\"},\"image\":{\"@id\":\"https:\\\/\\\/darsa.pl\\\/www\\\/#\\\/schema\\\/logo\\\/image\\\/\"}}]}<\/script>\n<!-- \/ Yoast SEO plugin. -->","yoast_head_json":{"title":"Dzia\u0142dowska Agencja Rozwoju S.A.","description":"Wspieranie ma\u0142ych i \u015brednich przedsi\u0119biorstw, edukacja i szkolenia.","robots":{"index":"index","follow":"follow","max-snippet":"max-snippet:-1","max-image-preview":"max-image-preview:large","max-video-preview":"max-video-preview:-1"},"canonical":"https:\/\/darsa.pl\/www\/targowisko\/galeria\/","og_locale":"pl_PL","og_type":"article","og_description":"Wspieranie ma\u0142ych i \u015brednich przedsi\u0119biorstw, edukacja i szkolenia.","og_url":"https:\/\/darsa.pl\/www\/targowisko\/galeria\/","og_site_name":"Dzia\u0142dowska Agencja Rozwoju S.A.","article_modified_time":"2020-08-26T07:49:06+00:00","og_image":[{"url":"https:\/\/darsa.pl\/www\/wp-content\/uploads\/2020\/08\/001.jpg","type":"","width":"","height":""}],"twitter_card":"summary_large_image","schema":{"@context":"https:\/\/schema.org","@graph":[{"@type":"WebPage","@id":"https:\/\/darsa.pl\/www\/targowisko\/galeria\/","url":"https:\/\/darsa.pl\/www\/targowisko\/galeria\/","name":"","isPartOf":{"@id":"https:\/\/darsa.pl\/www\/#website"},"primaryImageOfPage":{"@id":"https:\/\/darsa.pl\/www\/targowisko\/galeria\/#primaryimage"},"image":{"@id":"https:\/\/darsa.pl\/www\/targowisko\/galeria\/#primaryimage"},"thumbnailUrl":"https:\/\/darsa.pl\/www\/wp-content\/uploads\/2020\/08\/001.jpg","datePublished":"2020-08-05T10:39:51+00:00","dateModified":"2020-08-26T07:49:06+00:00","description":"Wspieranie ma\u0142ych i \u015brednich przedsi\u0119biorstw, edukacja i szkolenia.","breadcrumb":{"@id":"https:\/\/darsa.pl\/www\/targowisko\/galeria\/#breadcrumb"},"inLanguage":"pl-PL","potentialAction":[{"@type":"ReadAction","target":["https:\/\/darsa.pl\/www\/targowisko\/galeria\/"]}]},{"@type":"ImageObject","inLanguage":"pl-PL","@id":"https:\/\/darsa.pl\/www\/targowisko\/galeria\/#primaryimage","url":"https:\/\/darsa.pl\/www\/wp-content\/uploads\/2020\/08\/001.jpg","contentUrl":"https:\/\/darsa.pl\/www\/wp-content\/uploads\/2020\/08\/001.jpg"},{"@type":"BreadcrumbList","@id":"https:\/\/darsa.pl\/www\/targowisko\/galeria\/#breadcrumb","itemListElement":[{"@type":"ListItem","position":1,"name":"Strona g\u0142\u00f3wna","item":"https:\/\/darsa.pl\/www\/"},{"@type":"ListItem","position":2,"name":"TARGOWISKO","item":"https:\/\/darsa.pl\/www\/targowisko\/"},{"@type":"ListItem","position":3,"name":"GALERIA"}]},{"@type":"WebSite","@id":"https:\/\/darsa.pl\/www\/#website","url":"https:\/\/darsa.pl\/www\/","name":"Dzia\u0142dowska Agencja Rozwoju S.A.","description":"Wspieranie ma\u0142ych i \u015brednich przedsi\u0119biorstw, edukacja i szkolenia.","publisher":{"@id":"https:\/\/darsa.pl\/www\/#organization"},"potentialAction":[{"@type":"SearchAction","target":{"@type":"EntryPoint","urlTemplate":"https:\/\/darsa.pl\/www\/?s={search_term_string}"},"query-input":{"@type":"PropertyValueSpecification","valueRequired":true,"valueName":"search_term_string"}}],"inLanguage":"pl-PL"},{"@type":"Organization","@id":"https:\/\/darsa.pl\/www\/#organization","name":"Dzia\u0142dowska Agencja Rozwoju S.A.","url":"https:\/\/darsa.pl\/www\/","logo":{"@type":"ImageObject","inLanguage":"pl-PL","@id":"https:\/\/darsa.pl\/www\/#\/schema\/logo\/image\/","url":"https:\/\/darsa.pl\/www\/wp-content\/uploads\/2020\/06\/logo_h200px.png","contentUrl":"https:\/\/darsa.pl\/www\/wp-content\/uploads\/2020\/06\/logo_h200px.png","width":856,"height":200,"caption":"Dzia\u0142dowska Agencja Rozwoju S.A."},"image":{"@id":"https:\/\/darsa.pl\/www\/#\/schema\/logo\/image\/"}}]}},"_links":{"self":[{"href":"https:\/\/darsa.pl\/www\/wp-json\/wp\/v2\/pages\/1397","targetHints":{"allow":["GET"]}}],"collection":[{"href":"https:\/\/darsa.pl\/www\/wp-json\/wp\/v2\/pages"}],"about":[{"href":"https:\/\/darsa.pl\/www\/wp-json\/wp\/v2\/types\/page"}],"author":[{"embeddable":true,"href":"https:\/\/darsa.pl\/www\/wp-json\/wp\/v2\/users\/1"}],"replies":[{"embeddable":true,"href":"https:\/\/darsa.pl\/www\/wp-json\/wp\/v2\/comments?post=1397"}],"version-history":[{"count":6,"href":"https:\/\/darsa.pl\/www\/wp-json\/wp\/v2\/pages\/1397\/revisions"}],"predecessor-version":[{"id":1537,"href":"https:\/\/darsa.pl\/www\/wp-json\/wp\/v2\/pages\/1397\/revisions\/1537"}],"up":[{"embeddable":true,"href":"https:\/\/darsa.pl\/www\/wp-json\/wp\/v2\/pages\/163"}],"wp:attachment":[{"href":"https:\/\/darsa.pl\/www\/wp-json\/wp\/v2\/media?parent=1397"}],"curies":[{"name":"wp","href":"https:\/\/api.w.org\/{rel}","templated":true}]}}